{"id":159,"date":"2016-09-11T20:09:20","date_gmt":"2016-09-11T23:09:20","guid":{"rendered":"http:\/\/joseluisvittori.com\/?page_id=159"},"modified":"2016-09-11T20:09:45","modified_gmt":"2016-09-11T23:09:45","slug":"el-escritor-y-su-condicion-en-el-siglo-xx","status":"publish","type":"page","link":"http:\/\/joseluisvittori.com\/?page_id=159","title":{"rendered":"&#8220;El escritor y su condici\u00f3n en el siglo XX&#8221;"},"content":{"rendered":"<p><em><img loading=\"lazy\" decoding=\"async\" class=\" wp-image-160 alignleft\" src=\"http:\/\/joseluisvittori.com\/wp-content\/uploads\/2016\/09\/VITTORI-El-escritor-y-su-condicion.jpg\" alt=\"VITTORI El escritor y su condicion\" width=\"433\" height=\"568\" srcset=\"http:\/\/joseluisvittori.com\/wp-content\/uploads\/2016\/09\/VITTORI-El-escritor-y-su-condicion.jpg 1121w, http:\/\/joseluisvittori.com\/wp-content\/uploads\/2016\/09\/VITTORI-El-escritor-y-su-condicion-229x300.jpg 229w, http:\/\/joseluisvittori.com\/wp-content\/uploads\/2016\/09\/VITTORI-El-escritor-y-su-condicion-768x1006.jpg 768w, http:\/\/joseluisvittori.com\/wp-content\/uploads\/2016\/09\/VITTORI-El-escritor-y-su-condicion-781x1024.jpg 781w, http:\/\/joseluisvittori.com\/wp-content\/uploads\/2016\/09\/VITTORI-El-escritor-y-su-condicion-830x1088.jpg 830w, http:\/\/joseluisvittori.com\/wp-content\/uploads\/2016\/09\/VITTORI-El-escritor-y-su-condicion-230x301.jpg 230w, http:\/\/joseluisvittori.com\/wp-content\/uploads\/2016\/09\/VITTORI-El-escritor-y-su-condicion-350x459.jpg 350w, http:\/\/joseluisvittori.com\/wp-content\/uploads\/2016\/09\/VITTORI-El-escritor-y-su-condicion-480x629.jpg 480w\" sizes=\"(max-width: 433px) 100vw, 433px\" \/>&#8220;Por &#8216;condici\u00f3n del escritor&#8217; entiendo no s\u00f3lo su pertenencia a una sociedad, en un pa\u00eds y en un momento dado, sino tambi\u00e9n su relaci\u00f3n m\u00e1s amplia con la vida. Si un escritor es quien expone lo esencial de su yo mediante la palabra escrita, su condici\u00f3n -la \u00edndole del arte que cultiva, la calidad de los bienes que produce, la convenci\u00f3n social que admite y valora la naturaleza de esos bienes y la posici\u00f3n a la cual accede por ellos en ciertas circunstancias-, todo lo suyo, su modo de ser, de sentir y de decir se resuelve en el lenguaje y por \u00e9l se da a los dem\u00e1s. En este caso, el lenguaje no es ni acci\u00f3n ni opini\u00f3n, sino soporte de una presencia -de una imagen, de una virtualidad- en la cual se manifiestan, &#8216;desde adentro&#8217;, el hombre, la vida y el mundo; el &#8216;propio mundo&#8217; y &#8216;el mundo verdadero&#8217; en rec\u00edproca asistencia&#8221;.<\/em><\/p>\n<p><em>&#8220;A los escritores que se inician en un ambiente de distensi\u00f3n ideol\u00f3gica y de conciencia democr\u00e1tica, de econom\u00edas abiertas, lo dicho (y por decir) puede parecerles remoto o absurdo. Sin embargo, desde las primeras d\u00e9cadas del siglo hasta hace muy pocos a\u00f1os, fue parte de una historia pol\u00edtica que avasall\u00f3 al arte e insumi\u00f3 miles de p\u00e1ginas de controversia; una historia fant\u00e1stica, sin duda, que reclam\u00f3 nuestra lucidez y un tiempo de militancia en la discusi\u00f3n heterodoxa de las adhesiones paralizantes, las actitudes discriminatorias y los escr\u00fapulos de conciencia m\u00e1s est\u00e9riles que puedan imaginarse. Al decir &#8216;nuestra&#8217;, incluyo, si no a todos, a los escritores sensibilizados por la problem\u00e1tica social y pol\u00edtica que, en los ambientes influidos por los sistemas irreconciliables de la posguerra, entorpec\u00eda la libre voluntad de elegir.<\/em><\/p>\n<p><em>No s\u00e9 si es bueno recordar estas cosas, pero, al menos en lo que se refiere a los poetas, a los artistas, a los intelectuales, no es bueno olvidar el panorama de intolerancias y de horrores que, sin ser el tema central de este libro, lo ronda como una pesadilla para se\u00f1alar la entereza moral y el coraje intelectual del escritor en el siglo XX, en los a\u00f1os sombr\u00edos, o las situaciones extremas en los que se gest\u00f3\u00a0&#8216;a pesar de&#8230;&#8217; lo mejor de la literatura y el arte en las creaciones de hombres y mujeres libres en su esp\u00edritu y en el heroico respeto de su &#8216;oficio de vivir'&#8221;.<\/em><\/p>\n<p style=\"text-align: right;\"><em>(Jos\u00e9 Luis V\u00edttori)<\/em><\/p>\n<p>&nbsp;<\/p>\n<p><span style=\"color: #808080;\">FICHA:<\/span><br \/>\n<span style=\"color: #808080;\"> Autor\/es: V\u00edttori, Jos\u00e9 Luis<\/span><br \/>\n<span style=\"color: #808080;\"> Publicado: Editorial Colmegna. A\u00f1o: 1994<\/span><br \/>\n<span style=\"color: #808080;\"> ISBN: 950-535-206-9<\/span><br \/>\n<span style=\"color: #808080;\"> Tipo: Ensayo<\/span><br \/>\n<span style=\"color: #808080;\"> P\u00e1ginas: 209<\/span><br \/>\n<span style=\"color: #808080;\"> Idioma: Espa\u00f1ol<\/span><\/p>\n<p>&nbsp;<\/p>\n<p>Adquirir <a href=\"https:\/\/www.amazon.com\/escritor-condicion-Estudios-literatura-Spanish\/dp\/9505352069\" target=\"_blank\">este libro en\u00a0Amazon<\/a><\/p>\n","protected":false},"excerpt":{"rendered":"<p>&#8220;Por &#8216;condici\u00f3n del escritor&#8217; entiendo no s\u00f3lo su pertenencia a una sociedad, en un pa\u00eds y en un momento dado, sino tambi\u00e9n su relaci\u00f3n m\u00e1s amplia con la vida. Si un escritor es quien expone lo esencial de su yo mediante la palabra escrita, su condici\u00f3n -la \u00edndole del arte que cultiva, la calidad de [&hellip;]<\/p>\n","protected":false},"author":1,"featured_media":0,"parent":18,"menu_order":0,"comment_status":"closed","ping_status":"closed","template":"page-templates\/page_fullwidth.php","meta":{"footnotes":""},"_links":{"self":[{"href":"http:\/\/joseluisvittori.com\/index.php?rest_route=\/wp\/v2\/pages\/159"}],"collection":[{"href":"http:\/\/joseluisvittori.com\/index.php?rest_route=\/wp\/v2\/pages"}],"about":[{"href":"http:\/\/joseluisvittori.com\/index.php?rest_route=\/wp\/v2\/types\/page"}],"author":[{"embeddable":true,"href":"http:\/\/joseluisvittori.com\/index.php?rest_route=\/wp\/v2\/users\/1"}],"replies":[{"embeddable":true,"href":"http:\/\/joseluisvittori.com\/index.php?rest_route=%2Fwp%2Fv2%2Fcomments&post=159"}],"version-history":[{"count":2,"href":"http:\/\/joseluisvittori.com\/index.php?rest_route=\/wp\/v2\/pages\/159\/revisions"}],"predecessor-version":[{"id":162,"href":"http:\/\/joseluisvittori.com\/index.php?rest_route=\/wp\/v2\/pages\/159\/revisions\/162"}],"up":[{"embeddable":true,"href":"http:\/\/joseluisvittori.com\/index.php?rest_route=\/wp\/v2\/pages\/18"}],"wp:attachment":[{"href":"http:\/\/joseluisvittori.com\/index.php?rest_route=%2Fwp%2Fv2%2Fmedia&parent=159"}],"curies":[{"name":"wp","href":"https:\/\/api.w.org\/{rel}","templated":true}]}}

&#8220;El escritor y su condición en el siglo XX&#8221;

<p><em><img loading="lazy" decoding="async" class=" wp-image-160 alignleft" src="http://joseluisvittori.com/wp-content/uploads/2016/09/VITTORI-El-escritor-y-su-condicion.jpg" alt="VITTORI El escritor y su condicion" width="433" height="568" srcset="http://joseluisvittori.com/wp-content/uploads/2016/09/VITTORI-El-escritor-y-su-condicion.jpg 1121w, http://joseluisvittori.com/wp-content/uploads/2016/09/VITTORI-El-escritor-y-su-condicion-229x300.jpg 229w, http://joseluisvittori.com/wp-content/uploads/2016/09/VITTORI-El-escritor-y-su-condicion-768x1006.jpg 768w, http://joseluisvittori.com/wp-content/uploads/2016/09/VITTORI-El-escritor-y-su-condicion-781x1024.jpg 781w, http://joseluisvittori.com/wp-content/uploads/2016/09/VITTORI-El-escritor-y-su-condicion-830x1088.jpg 830w, http://joseluisvittori.com/wp-content/uploads/2016/09/VITTORI-El-escritor-y-su-condicion-230x301.jpg 230w, http://joseluisvittori.com/wp-content/uploads/2016/09/VITTORI-El-escritor-y-su-condicion-350x459.jpg 350w, http://joseluisvittori.com/wp-content/uploads/2016/09/VITTORI-El-escritor-y-su-condicion-480x629.jpg 480w" sizes="(max-width: 433px) 100vw, 433px" />&#8220;Por &#8216;condición del escritor&#8217; entiendo no sólo su pertenencia a una sociedad, en un país y en un momento dado, sino también su relación más amplia con la vida. Si un escritor es quien expone lo esencial de su yo mediante la palabra escrita, su condición -la índole del arte que cultiva, la calidad de los bienes que produce, la convención social que admite y valora la naturaleza de esos bienes y la posición a la cual accede por ellos en ciertas circunstancias-, todo lo suyo, su modo de ser, de sentir y de decir se resuelve en el lenguaje y por él se da a los demás. En este caso, el lenguaje no es ni acción ni opinión, sino soporte de una presencia -de una imagen, de una virtualidad- en la cual se manifiestan, &#8216;desde adentro&#8217;, el hombre, la vida y el mundo; el &#8216;propio mundo&#8217; y &#8216;el mundo verdadero&#8217; en recíproca asistencia&#8221;.</em></p>
<p><em>&#8220;A los escritores que se inician en un ambiente de distensión ideológica y de conciencia democrática, de economías abiertas, lo dicho (y por decir) puede parecerles remoto o absurdo. Sin embargo, desde las primeras décadas del siglo hasta hace muy pocos años, fue parte de una historia política que avasalló al arte e insumió miles de páginas de controversia; una historia fantástica, sin duda, que reclamó nuestra lucidez y un tiempo de militancia en la discusión heterodoxa de las adhesiones paralizantes, las actitudes discriminatorias y los escrúpulos de conciencia más estériles que puedan imaginarse. Al decir &#8216;nuestra&#8217;, incluyo, si no a todos, a los escritores sensibilizados por la problemática social y política que, en los ambientes influidos por los sistemas irreconciliables de la posguerra, entorpecía la libre voluntad de elegir.</em></p>
<p><em>No sé si es bueno recordar estas cosas, pero, al menos en lo que se refiere a los poetas, a los artistas, a los intelectuales, no es bueno olvidar el panorama de intolerancias y de horrores que, sin ser el tema central de este libro, lo ronda como una pesadilla para señalar la entereza moral y el coraje intelectual del escritor en el siglo XX, en los años sombríos, o las situaciones extremas en los que se gestó &#8216;a pesar de&#8230;&#8217; lo mejor de la literatura y el arte en las creaciones de hombres y mujeres libres en su espíritu y en el heroico respeto de su &#8216;oficio de vivir'&#8221;.</em></p>
<p style="text-align: right;"><em>(José Luis Víttori)</em></p>
<p>&nbsp;</p>
<p><span style="color: #808080;">FICHA:</span><br />
<span style="color: #808080;"> Autor/es: Víttori, José Luis</span><br />
<span style="color: #808080;"> Publicado: Editorial Colmegna. Año: 1994</span><br />
<span style="color: #808080;"> ISBN: 950-535-206-9</span><br />
<span style="color: #808080;"> Tipo: Ensayo</span><br />
<span style="color: #808080;"> Páginas: 209</span><br />
<span style="color: #808080;"> Idioma: Español</span></p>
<p>&nbsp;</p>
<p>Adquirir <a href="https://www.amazon.com/escritor-condicion-Estudios-literatura-Spanish/dp/9505352069" target="_blank">este libro en Amazon</a></p>

<p>&#8220;Por &#8216;condición del escritor&#8217; entiendo no sólo su pertenencia a una sociedad, en un país y en un momento dado, sino también su relación más amplia con la vida. Si un escritor es quien expone lo esencial de su yo mediante la palabra escrita, su condición -la índole del arte que cultiva, la calidad de [&hellip;]</p>
