{"id":164,"date":"2016-09-11T20:43:55","date_gmt":"2016-09-11T23:43:55","guid":{"rendered":"http:\/\/joseluisvittori.com\/?page_id=164"},"modified":"2016-09-19T19:35:16","modified_gmt":"2016-09-19T22:35:16","slug":"la-region-y-sus-creadores","status":"publish","type":"page","link":"http:\/\/joseluisvittori.com\/?page_id=164","title":{"rendered":"&#8220;La regi\u00f3n y sus creadores&#8221;"},"content":{"rendered":"<p><em><img loading=\"lazy\" decoding=\"async\" class=\" wp-image-165 alignleft\" src=\"http:\/\/joseluisvittori.com\/wp-content\/uploads\/2016\/09\/VITTORI-La-region-y-sus-creadores.jpg\" alt=\"VITTORI La region y sus creadores\" width=\"373\" height=\"539\" srcset=\"http:\/\/joseluisvittori.com\/wp-content\/uploads\/2016\/09\/VITTORI-La-region-y-sus-creadores.jpg 1051w, http:\/\/joseluisvittori.com\/wp-content\/uploads\/2016\/09\/VITTORI-La-region-y-sus-creadores-208x300.jpg 208w, http:\/\/joseluisvittori.com\/wp-content\/uploads\/2016\/09\/VITTORI-La-region-y-sus-creadores-768x1110.jpg 768w, http:\/\/joseluisvittori.com\/wp-content\/uploads\/2016\/09\/VITTORI-La-region-y-sus-creadores-709x1024.jpg 709w, http:\/\/joseluisvittori.com\/wp-content\/uploads\/2016\/09\/VITTORI-La-region-y-sus-creadores-830x1200.jpg 830w, http:\/\/joseluisvittori.com\/wp-content\/uploads\/2016\/09\/VITTORI-La-region-y-sus-creadores-230x332.jpg 230w, http:\/\/joseluisvittori.com\/wp-content\/uploads\/2016\/09\/VITTORI-La-region-y-sus-creadores-350x506.jpg 350w, http:\/\/joseluisvittori.com\/wp-content\/uploads\/2016\/09\/VITTORI-La-region-y-sus-creadores-480x694.jpg 480w\" sizes=\"(max-width: 373px) 100vw, 373px\" \/>&#8220;La regi\u00f3n y sus creadores&#8221; conjuntamente con &#8220;<a href=\"http:\/\/joseluisvittori.com\/?page_id=261\" target=\"_blank\">Literatura y regi\u00f3n<\/a>&#8221; y &#8220;<a href=\"http:\/\/joseluisvittori.com\/?page_id=256\" target=\"_blank\">Literatura y cultura nacional<\/a>&#8221; constituye el tomo II de la trilog\u00eda reflexiva sobre la indagaci\u00f3n de las consecuencias del v\u00ednculo entre los autores y su \u00e1mbito natural.<\/em><\/p>\n<p><em>Jos\u00e9 Luis V\u00edttori a trav\u00e9s del an\u00e1lisis cr\u00edtico de creadores de la regi\u00f3n del litoral, desarrolla una original teor\u00eda: la secreta reciprocidad entre el autor y el medio ambiente. Esta correlaci\u00f3n no necesariamente desemboca en un arte pintoresco ni tel\u00farico, s\u00ed en lenguajes esenciales, si son asumidas las constantes de la regionalidad -poblaci\u00f3n, cultura, paisaje, tradiciones, creencias, mitos, etc.- con profundidad por los autores.<\/em><\/p>\n<p><em>Escritores como Alcides Greca, Gudi\u00f1o Kramer, Carlos M. G\u00f3mez. Poetas de la talla de Juan L. Ortiz o Pl\u00e1sticos relevantes como Juan Grela, Leonidas Gambartes, Mele Bruniard, Elizalde y otros, son abordados en su faz productiva y humana en este libro.<\/em><\/p>\n<p>&nbsp;<\/p>\n<p><span style=\"color: #808080;\">FICHA:<\/span><br \/>\n<span style=\"color: #808080;\"> Autor\/es: V\u00edttori, Jos\u00e9 Luis<\/span><br \/>\n<span style=\"color: #808080;\"> Publicado: Editorial Fundaci\u00f3n Ross. A\u00f1o: 1986<\/span><br \/>\n<span style=\"color: #808080;\"> Tipo: Ensayo<\/span><br \/>\n<span style=\"color: #808080;\"> P\u00e1ginas: 272<\/span><br \/>\n<span style=\"color: #808080;\"> Idioma: Espa\u00f1ol<\/span><\/p>\n<p>&nbsp;<\/p>\n<p>Adquirir <a href=\"https:\/\/www.amazon.com\/region-sus-creadores-vol-02\/dp\/B00QMGD8XM\" target=\"_blank\">este libro en Amazon<\/a><\/p>\n","protected":false},"excerpt":{"rendered":"<p>&#8220;La regi\u00f3n y sus creadores&#8221; conjuntamente con &#8220;Literatura y regi\u00f3n&#8221; y &#8220;Literatura y cultura nacional&#8221; constituye el tomo II de la trilog\u00eda reflexiva sobre la indagaci\u00f3n de las consecuencias del v\u00ednculo entre los autores y su \u00e1mbito natural. Jos\u00e9 Luis V\u00edttori a trav\u00e9s del an\u00e1lisis cr\u00edtico de creadores de la regi\u00f3n del litoral, desarrolla una [&hellip;]<\/p>\n","protected":false},"author":1,"featured_media":0,"parent":18,"menu_order":0,"comment_status":"closed","ping_status":"closed","template":"page-templates\/page_fullwidth.php","meta":{"footnotes":""},"_links":{"self":[{"href":"http:\/\/joseluisvittori.com\/index.php?rest_route=\/wp\/v2\/pages\/164"}],"collection":[{"href":"http:\/\/joseluisvittori.com\/index.php?rest_route=\/wp\/v2\/pages"}],"about":[{"href":"http:\/\/joseluisvittori.com\/index.php?rest_route=\/wp\/v2\/types\/page"}],"author":[{"embeddable":true,"href":"http:\/\/joseluisvittori.com\/index.php?rest_route=\/wp\/v2\/users\/1"}],"replies":[{"embeddable":true,"href":"http:\/\/joseluisvittori.com\/index.php?rest_route=%2Fwp%2Fv2%2Fcomments&post=164"}],"version-history":[{"count":4,"href":"http:\/\/joseluisvittori.com\/index.php?rest_route=\/wp\/v2\/pages\/164\/revisions"}],"predecessor-version":[{"id":267,"href":"http:\/\/joseluisvittori.com\/index.php?rest_route=\/wp\/v2\/pages\/164\/revisions\/267"}],"up":[{"embeddable":true,"href":"http:\/\/joseluisvittori.com\/index.php?rest_route=\/wp\/v2\/pages\/18"}],"wp:attachment":[{"href":"http:\/\/joseluisvittori.com\/index.php?rest_route=%2Fwp%2Fv2%2Fmedia&parent=164"}],"curies":[{"name":"wp","href":"https:\/\/api.w.org\/{rel}","templated":true}]}}

&#8220;La región y sus creadores&#8221;

<p><em><img loading="lazy" decoding="async" class=" wp-image-165 alignleft" src="http://joseluisvittori.com/wp-content/uploads/2016/09/VITTORI-La-region-y-sus-creadores.jpg" alt="VITTORI La region y sus creadores" width="373" height="539" srcset="http://joseluisvittori.com/wp-content/uploads/2016/09/VITTORI-La-region-y-sus-creadores.jpg 1051w, http://joseluisvittori.com/wp-content/uploads/2016/09/VITTORI-La-region-y-sus-creadores-208x300.jpg 208w, http://joseluisvittori.com/wp-content/uploads/2016/09/VITTORI-La-region-y-sus-creadores-768x1110.jpg 768w, http://joseluisvittori.com/wp-content/uploads/2016/09/VITTORI-La-region-y-sus-creadores-709x1024.jpg 709w, http://joseluisvittori.com/wp-content/uploads/2016/09/VITTORI-La-region-y-sus-creadores-830x1200.jpg 830w, http://joseluisvittori.com/wp-content/uploads/2016/09/VITTORI-La-region-y-sus-creadores-230x332.jpg 230w, http://joseluisvittori.com/wp-content/uploads/2016/09/VITTORI-La-region-y-sus-creadores-350x506.jpg 350w, http://joseluisvittori.com/wp-content/uploads/2016/09/VITTORI-La-region-y-sus-creadores-480x694.jpg 480w" sizes="(max-width: 373px) 100vw, 373px" />&#8220;La región y sus creadores&#8221; conjuntamente con &#8220;<a href="http://joseluisvittori.com/?page_id=261" target="_blank">Literatura y región</a>&#8221; y &#8220;<a href="http://joseluisvittori.com/?page_id=256" target="_blank">Literatura y cultura nacional</a>&#8221; constituye el tomo II de la trilogía reflexiva sobre la indagación de las consecuencias del vínculo entre los autores y su ámbito natural.</em></p>
<p><em>José Luis Víttori a través del análisis crítico de creadores de la región del litoral, desarrolla una original teoría: la secreta reciprocidad entre el autor y el medio ambiente. Esta correlación no necesariamente desemboca en un arte pintoresco ni telúrico, sí en lenguajes esenciales, si son asumidas las constantes de la regionalidad -población, cultura, paisaje, tradiciones, creencias, mitos, etc.- con profundidad por los autores.</em></p>
<p><em>Escritores como Alcides Greca, Gudiño Kramer, Carlos M. Gómez. Poetas de la talla de Juan L. Ortiz o Plásticos relevantes como Juan Grela, Leonidas Gambartes, Mele Bruniard, Elizalde y otros, son abordados en su faz productiva y humana en este libro.</em></p>
<p>&nbsp;</p>
<p><span style="color: #808080;">FICHA:</span><br />
<span style="color: #808080;"> Autor/es: Víttori, José Luis</span><br />
<span style="color: #808080;"> Publicado: Editorial Fundación Ross. Año: 1986</span><br />
<span style="color: #808080;"> Tipo: Ensayo</span><br />
<span style="color: #808080;"> Páginas: 272</span><br />
<span style="color: #808080;"> Idioma: Español</span></p>
<p>&nbsp;</p>
<p>Adquirir <a href="https://www.amazon.com/region-sus-creadores-vol-02/dp/B00QMGD8XM" target="_blank">este libro en Amazon</a></p>

<p>&#8220;La región y sus creadores&#8221; conjuntamente con &#8220;Literatura y región&#8221; y &#8220;Literatura y cultura nacional&#8221; constituye el tomo II de la trilogía reflexiva sobre la indagación de las consecuencias del vínculo entre los autores y su ámbito natural. José Luis Víttori a través del análisis crítico de creadores de la región del litoral, desarrolla una [&hellip;]</p>
