{"id":174,"date":"2016-09-11T21:26:45","date_gmt":"2016-09-12T00:26:45","guid":{"rendered":"http:\/\/joseluisvittori.com\/?page_id=174"},"modified":"2016-09-11T21:28:28","modified_gmt":"2016-09-12T00:28:28","slug":"del-barco-centenera-y-la-argentina","status":"publish","type":"page","link":"http:\/\/joseluisvittori.com\/?page_id=174","title":{"rendered":"&#8220;Del Barco Centenera y &#8216;La Argentina'&#8221;"},"content":{"rendered":"<p><em><img loading=\"lazy\" decoding=\"async\" class=\" wp-image-175 alignleft\" src=\"http:\/\/joseluisvittori.com\/wp-content\/uploads\/2016\/09\/VITTORI-Del-Barco-Centenera-y-La-Argentina.jpg\" alt=\"VITTORI Del Barco Centenera y La Argentina\" width=\"417\" height=\"586\" srcset=\"http:\/\/joseluisvittori.com\/wp-content\/uploads\/2016\/09\/VITTORI-Del-Barco-Centenera-y-La-Argentina.jpg 1066w, http:\/\/joseluisvittori.com\/wp-content\/uploads\/2016\/09\/VITTORI-Del-Barco-Centenera-y-La-Argentina-213x300.jpg 213w, http:\/\/joseluisvittori.com\/wp-content\/uploads\/2016\/09\/VITTORI-Del-Barco-Centenera-y-La-Argentina-768x1080.jpg 768w, http:\/\/joseluisvittori.com\/wp-content\/uploads\/2016\/09\/VITTORI-Del-Barco-Centenera-y-La-Argentina-728x1024.jpg 728w, http:\/\/joseluisvittori.com\/wp-content\/uploads\/2016\/09\/VITTORI-Del-Barco-Centenera-y-La-Argentina-830x1167.jpg 830w, http:\/\/joseluisvittori.com\/wp-content\/uploads\/2016\/09\/VITTORI-Del-Barco-Centenera-y-La-Argentina-230x323.jpg 230w, http:\/\/joseluisvittori.com\/wp-content\/uploads\/2016\/09\/VITTORI-Del-Barco-Centenera-y-La-Argentina-350x492.jpg 350w, http:\/\/joseluisvittori.com\/wp-content\/uploads\/2016\/09\/VITTORI-Del-Barco-Centenera-y-La-Argentina-480x675.jpg 480w\" sizes=\"(max-width: 417px) 100vw, 417px\" \/>Mart\u00edn del Barco Centenera fue un cl\u00e9rigo extreme\u00f1o nacido en Logros\u00e1n, graduado en teolog\u00eda en la Universidad de Salamanca. Embarc\u00f3 en la flota de Juan Ortiz de S\u00e1rate, tercer Adelantado del R\u00edo de la Plata, como capell\u00e1n.<\/em><\/p>\n<p><em>Extra\u00f1o personaje de &#8220;entre dos Edades, rara mezcla de Medioevo y Renacimiento&#8221;, permaneci\u00f3 algo m\u00e1s de veinte a\u00f1os en el R\u00edo de la Plata, Paraguay y Per\u00fa donde, adem\u00e1s de convertir a los ind\u00edgenas con los Evangelios o de combatirlos con las armas, seg\u00fan las circunstancias, fue confesor y confidente de conquistadores, capell\u00e1n de Juan de Garay cuando la segunda fundaci\u00f3n de Buenos Aires, comisario del Tribunal del Santo Oficio -que lo proces\u00f3 y lo conden\u00f3 en Lima por faltas graves a su investidura- y obispo de Asunci\u00f3n.<\/em><\/p>\n<p><em>Vuelto a su pueblo natal, compuso entre 1595 y 1601, un extenso poema \u00e9pico: &#8220;Argentina y la conquista del R\u00edo de la Plata&#8221;, publicado en Lisboa en 1602. Esta &#8220;epopeya regional&#8221; dio nombre a nuestro pa\u00eds, anticip\u00e1ndose en a\u00f1os a la llamada &#8220;Argentina manuscrita&#8221; de Ruy D\u00ecaz de Guzm\u00e1n.<\/em><\/p>\n<p><em>La cr\u00edtica literaria e hist\u00f3rica le fue adversa, desde F\u00e9lix de Azara a Julio Caillet-Bois, encontrando imperfecta su poes\u00eda y desprolija su cr\u00f3nica. No obstante Jos\u00e9 Luis V\u00edttori, autor de este libro, piensa que a los ojos de nuestro tiempo, el valor de la epopeya podr\u00eda rescatarse por su riqueza testimonial, por su entramado maravilloso de realidad y fantas\u00eda, como antecedente v\u00e1lido del &#8220;realismo m\u00e1gico&#8221; cultivado por narradores latinoamericanos en las \u00faltimas d\u00e9cadas.<\/em><\/p>\n<p><em>Tal es la tesis planteada y desarrollada en esta obra. Su inter\u00e9s apunta a la literatura, a una hermen\u00e9utica del poema y de la narraci\u00f3n, no a las disciplinas de la Historia en vano exigidas al propio del Barco Centenera, cuya credulidad, cuyas pasiones, no pudieron sino animar un mito, una f\u00e1bula, una picaresca, en los tr\u00e1gicos sucesos de la conquista rioplatense.<\/em><\/p>\n<p>&nbsp;<\/p>\n<p><span style=\"color: #808080;\">FICHA:<\/span><br \/>\n<span style=\"color: #808080;\"> Autor\/es: V\u00edttori, Jos\u00e9 Luis<\/span><br \/>\n<span style=\"color: #808080;\"> Publicado: Ediciones Colmegna. A\u00f1o: 1991 <\/span><br \/>\n<span style=\"color: #808080;\">ISBN: 950-535-174-7<\/span><br \/>\n<span style=\"color: #808080;\"> Tipo: Ensayo<\/span><br \/>\n<span style=\"color: #808080;\"> P\u00e1ginas:\u00a0184<\/span><br \/>\n<span style=\"color: #808080;\"> Idioma: Espa\u00f1ol<\/span><\/p>\n<p>Adquirir <a href=\"https:\/\/www.amazon.com\/Del-Barco-Centenera-Argentina-Origenes\/dp\/9505351747\" target=\"_blank\">este libro en Amazon<\/a><\/p>\n<p>Leer <a href=\"https:\/\/books.google.com.ar\/books?id=ljwU_33wtyEC&amp;pg=PP1&amp;lpg=PP1&amp;dq=%22Del+Barco+Centenera+y+%27La+Argentina%27%22+vittori&amp;source=bl&amp;ots=iO2BUSziRU&amp;sig=BDUeKz6Aeyc1Mm1w5sTlSPhLO8Q&amp;hl=es&amp;sa=X&amp;ved=0ahUKEwi09PzXxojPAhUCHJAKHfm3CNgQ6AEIKjAD#v=onepage&amp;q&amp;f=false\" target=\"_blank\">este libro en Google Books<\/a><\/p>\n","protected":false},"excerpt":{"rendered":"<p>Mart\u00edn del Barco Centenera fue un cl\u00e9rigo extreme\u00f1o nacido en Logros\u00e1n, graduado en teolog\u00eda en la Universidad de Salamanca. Embarc\u00f3 en la flota de Juan Ortiz de S\u00e1rate, tercer Adelantado del R\u00edo de la Plata, como capell\u00e1n. Extra\u00f1o personaje de &#8220;entre dos Edades, rara mezcla de Medioevo y Renacimiento&#8221;, permaneci\u00f3 algo m\u00e1s de veinte a\u00f1os [&hellip;]<\/p>\n","protected":false},"author":1,"featured_media":0,"parent":18,"menu_order":0,"comment_status":"closed","ping_status":"closed","template":"page-templates\/page_fullwidth.php","meta":{"footnotes":""},"_links":{"self":[{"href":"http:\/\/joseluisvittori.com\/index.php?rest_route=\/wp\/v2\/pages\/174"}],"collection":[{"href":"http:\/\/joseluisvittori.com\/index.php?rest_route=\/wp\/v2\/pages"}],"about":[{"href":"http:\/\/joseluisvittori.com\/index.php?rest_route=\/wp\/v2\/types\/page"}],"author":[{"embeddable":true,"href":"http:\/\/joseluisvittori.com\/index.php?rest_route=\/wp\/v2\/users\/1"}],"replies":[{"embeddable":true,"href":"http:\/\/joseluisvittori.com\/index.php?rest_route=%2Fwp%2Fv2%2Fcomments&post=174"}],"version-history":[{"count":5,"href":"http:\/\/joseluisvittori.com\/index.php?rest_route=\/wp\/v2\/pages\/174\/revisions"}],"predecessor-version":[{"id":180,"href":"http:\/\/joseluisvittori.com\/index.php?rest_route=\/wp\/v2\/pages\/174\/revisions\/180"}],"up":[{"embeddable":true,"href":"http:\/\/joseluisvittori.com\/index.php?rest_route=\/wp\/v2\/pages\/18"}],"wp:attachment":[{"href":"http:\/\/joseluisvittori.com\/index.php?rest_route=%2Fwp%2Fv2%2Fmedia&parent=174"}],"curies":[{"name":"wp","href":"https:\/\/api.w.org\/{rel}","templated":true}]}}

<p><em><img loading="lazy" decoding="async" class=" wp-image-175 alignleft" src="http://joseluisvittori.com/wp-content/uploads/2016/09/VITTORI-Del-Barco-Centenera-y-La-Argentina.jpg" alt="VITTORI Del Barco Centenera y La Argentina" width="417" height="586" srcset="http://joseluisvittori.com/wp-content/uploads/2016/09/VITTORI-Del-Barco-Centenera-y-La-Argentina.jpg 1066w, http://joseluisvittori.com/wp-content/uploads/2016/09/VITTORI-Del-Barco-Centenera-y-La-Argentina-213x300.jpg 213w, http://joseluisvittori.com/wp-content/uploads/2016/09/VITTORI-Del-Barco-Centenera-y-La-Argentina-768x1080.jpg 768w, http://joseluisvittori.com/wp-content/uploads/2016/09/VITTORI-Del-Barco-Centenera-y-La-Argentina-728x1024.jpg 728w, http://joseluisvittori.com/wp-content/uploads/2016/09/VITTORI-Del-Barco-Centenera-y-La-Argentina-830x1167.jpg 830w, http://joseluisvittori.com/wp-content/uploads/2016/09/VITTORI-Del-Barco-Centenera-y-La-Argentina-230x323.jpg 230w, http://joseluisvittori.com/wp-content/uploads/2016/09/VITTORI-Del-Barco-Centenera-y-La-Argentina-350x492.jpg 350w, http://joseluisvittori.com/wp-content/uploads/2016/09/VITTORI-Del-Barco-Centenera-y-La-Argentina-480x675.jpg 480w" sizes="(max-width: 417px) 100vw, 417px" />Martín del Barco Centenera fue un clérigo extremeño nacido en Logrosán, graduado en teología en la Universidad de Salamanca. Embarcó en la flota de Juan Ortiz de Sárate, tercer Adelantado del Río de la Plata, como capellán.</em></p>
<p><em>Extraño personaje de &#8220;entre dos Edades, rara mezcla de Medioevo y Renacimiento&#8221;, permaneció algo más de veinte años en el Río de la Plata, Paraguay y Perú donde, además de convertir a los indígenas con los Evangelios o de combatirlos con las armas, según las circunstancias, fue confesor y confidente de conquistadores, capellán de Juan de Garay cuando la segunda fundación de Buenos Aires, comisario del Tribunal del Santo Oficio -que lo procesó y lo condenó en Lima por faltas graves a su investidura- y obispo de Asunción.</em></p>
<p><em>Vuelto a su pueblo natal, compuso entre 1595 y 1601, un extenso poema épico: &#8220;Argentina y la conquista del Río de la Plata&#8221;, publicado en Lisboa en 1602. Esta &#8220;epopeya regional&#8221; dio nombre a nuestro país, anticipándose en años a la llamada &#8220;Argentina manuscrita&#8221; de Ruy Dìaz de Guzmán.</em></p>
<p><em>La crítica literaria e histórica le fue adversa, desde Félix de Azara a Julio Caillet-Bois, encontrando imperfecta su poesía y desprolija su crónica. No obstante José Luis Víttori, autor de este libro, piensa que a los ojos de nuestro tiempo, el valor de la epopeya podría rescatarse por su riqueza testimonial, por su entramado maravilloso de realidad y fantasía, como antecedente válido del &#8220;realismo mágico&#8221; cultivado por narradores latinoamericanos en las últimas décadas.</em></p>
<p><em>Tal es la tesis planteada y desarrollada en esta obra. Su interés apunta a la literatura, a una hermenéutica del poema y de la narración, no a las disciplinas de la Historia en vano exigidas al propio del Barco Centenera, cuya credulidad, cuyas pasiones, no pudieron sino animar un mito, una fábula, una picaresca, en los trágicos sucesos de la conquista rioplatense.</em></p>
<p>&nbsp;</p>
<p><span style="color: #808080;">FICHA:</span><br />
<span style="color: #808080;"> Autor/es: Víttori, José Luis</span><br />
<span style="color: #808080;"> Publicado: Ediciones Colmegna. Año: 1991 </span><br />
<span style="color: #808080;">ISBN: 950-535-174-7</span><br />
<span style="color: #808080;"> Tipo: Ensayo</span><br />
<span style="color: #808080;"> Páginas: 184</span><br />
<span style="color: #808080;"> Idioma: Español</span></p>
<p>Adquirir <a href="https://www.amazon.com/Del-Barco-Centenera-Argentina-Origenes/dp/9505351747" target="_blank">este libro en Amazon</a></p>
<p>Leer <a href="https://books.google.com.ar/books?id=ljwU_33wtyEC&amp;pg=PP1&amp;lpg=PP1&amp;dq=%22Del+Barco+Centenera+y+%27La+Argentina%27%22+vittori&amp;source=bl&amp;ots=iO2BUSziRU&amp;sig=BDUeKz6Aeyc1Mm1w5sTlSPhLO8Q&amp;hl=es&amp;sa=X&amp;ved=0ahUKEwi09PzXxojPAhUCHJAKHfm3CNgQ6AEIKjAD#v=onepage&amp;q&amp;f=false" target="_blank">este libro en Google Books</a></p>

<p>Martín del Barco Centenera fue un clérigo extremeño nacido en Logrosán, graduado en teología en la Universidad de Salamanca. Embarcó en la flota de Juan Ortiz de Sárate, tercer Adelantado del Río de la Plata, como capellán. Extraño personaje de &#8220;entre dos Edades, rara mezcla de Medioevo y Renacimiento&#8221;, permaneció algo más de veinte años [&hellip;]</p>
