{"id":224,"date":"2016-09-13T11:18:54","date_gmt":"2016-09-13T14:18:54","guid":{"rendered":"http:\/\/joseluisvittori.com\/?page_id=224"},"modified":"2017-07-08T10:35:38","modified_gmt":"2017-07-08T13:35:38","slug":"las-campanas-del-sur","status":"publish","type":"page","link":"http:\/\/joseluisvittori.com\/?page_id=224","title":{"rendered":"&#8220;Las campanas del sur&#8221;"},"content":{"rendered":"<p><em><img loading=\"lazy\" decoding=\"async\" class=\" wp-image-247 alignleft\" src=\"http:\/\/joseluisvittori.com\/wp-content\/uploads\/2016\/09\/VITTORI-Las-campanas-del-Sur.jpg\" alt=\"VITTORI Las campanas del Sur\" width=\"351\" height=\"506\" srcset=\"http:\/\/joseluisvittori.com\/wp-content\/uploads\/2016\/09\/VITTORI-Las-campanas-del-Sur.jpg 969w, http:\/\/joseluisvittori.com\/wp-content\/uploads\/2016\/09\/VITTORI-Las-campanas-del-Sur-208x300.jpg 208w, http:\/\/joseluisvittori.com\/wp-content\/uploads\/2016\/09\/VITTORI-Las-campanas-del-Sur-768x1107.jpg 768w, http:\/\/joseluisvittori.com\/wp-content\/uploads\/2016\/09\/VITTORI-Las-campanas-del-Sur-710x1024.jpg 710w, http:\/\/joseluisvittori.com\/wp-content\/uploads\/2016\/09\/VITTORI-Las-campanas-del-Sur-830x1197.jpg 830w, http:\/\/joseluisvittori.com\/wp-content\/uploads\/2016\/09\/VITTORI-Las-campanas-del-Sur-230x332.jpg 230w, http:\/\/joseluisvittori.com\/wp-content\/uploads\/2016\/09\/VITTORI-Las-campanas-del-Sur-350x505.jpg 350w, http:\/\/joseluisvittori.com\/wp-content\/uploads\/2016\/09\/VITTORI-Las-campanas-del-Sur-480x692.jpg 480w\" sizes=\"(max-width: 351px) 100vw, 351px\" \/>&#8220;Esta novela y &#8216;Las fuerzas opuestas&#8217;, ya publicada, son dos tiempos de un mismo ciclo narrativo. En \u00e9l, &#8216;Las campanas del sur&#8217; es el principio del mito; &#8216;Las fuerzas opuestas&#8217;, uno de sus desarrollos. Es probable que sigan otros tiempos, si sus bocetos maduran, si puedo expresar nuevamente en ellos la m\u00e1gica realidad de mi tierra y su gente.<\/em><\/p>\n<p><em>&#8216;Las campanas del sur&#8217; est\u00e1 narrada en una primera persona cambiante: cada cap\u00edtulo da el tono de un personaje y su enfoque de una misma situaci\u00f3n o de situaciones laterales. Se va al encuentro, pues, de diferentes voces cuya verdad relativa a veces coincide y a veces se contradice, pero cuyo sentido \u00faltimo referido a la existencia del hombre, parece animar estas palabras de C\u00e9line:<\/em><\/p>\n<p style=\"text-align: right; padding-left: 300px;\"><span style=\"color: #999999;\"><em>La verdad es una agon\u00eda que no acaba nunca. <\/em><\/span><span style=\"color: #999999;\"><em>Y<\/em><\/span><\/p>\n<p style=\"text-align: right; padding-left: 300px;\"><span style=\"color: #999999;\"><em>la verdad absoluta de este mundo es la muerte.<\/em><\/span><\/p>\n<p><em>Si se lee &#8216;Las campanas del sur&#8217; \u00a0como est\u00e1 compaginada (I-II-III), asistimos a la revelaci\u00f3n gradual de una tragedia primitiva y secreta. Pero si el lector encuentra su propio modelo, digamos: III, II, I, al anular la progresi\u00f3n dram\u00e1tica se introducir\u00e1 de golpe en el centro de los hechos, para ir despu\u00e9s a la intuici\u00f3n de sus detalles. Si se propone el modelo: II,III,I, pasar\u00e1 de una zona de soledad y memoria (Al viento y su ley) al centro tr\u00e1gico (Tomo y obligo), para concluir en la dimensi\u00f3n del sue\u00f1o y la leyenda (Hombres del tiempo lento). Se me ocurre que, dentro del modelo elegido, el lector tambi\u00e9n podr\u00eda alterar el orden de los cap\u00edtulos en cada una de las partes. No s\u00e9 si as\u00ed su comprensi\u00f3n de la novela mejorar\u00e1, pero supongo que en ese libre y aleatorio hallazgo de una imagen personal, puede enriquecerse su visi\u00f3n interior.<\/em><\/p>\n<p><em>En algunas p\u00e1ginas de esta novela, la escritura se interrumpe, se detiene, vacila, salta, alterna sus l\u00edneas; las palabras se juntan en series, o bien se separan en pausas m\u00e1s o menos largas. Hay una p\u00e1gina entera de silencio donde s\u00f3lo resuena una palabra, y p\u00e1ginas donde la escritura se bifurca, y uno puede leer las columnas en sentido vertical o en zig-zag. Tales alteraciones, que el lector deber\u00eda asumir como una experiencia en el curso mismo del relato, no son un capricho ni un juego. Las he sentido as\u00ed mientras escrib\u00eda, como una exigencia del lenguaje, como una necesidad de alcanzar la dignidad po\u00e9tica vislumbrada en alg\u00fan personaje y en su contorno&#8221;.<\/em><\/p>\n<p style=\"text-align: right;\"><em>(Jos\u00e9 Luis V\u00edttori)<\/em><\/p>\n<p><span style=\"color: #808080;\">FICHA:<\/span><br \/>\n<span style=\"color: #808080;\"> Autor\/es: V\u00edttori, Jos\u00e9 Luis<\/span><br \/>\n<span style=\"color: #808080;\"> Publicado: Ediciones Colmegna. A\u00f1o: 1971<\/span><br \/>\n<span style=\"color: #808080;\"> Tipo: Novela<\/span><br \/>\n<span style=\"color: #808080;\"> P\u00e1ginas: 225<\/span><br \/>\n<span style=\"color: #808080;\"> Idioma: Espa\u00f1ol<\/span><\/p>\n<p>&nbsp;<\/p>\n<p>Adquirir este libro en <a href=\"http:\/\/www.lagatasibilah.com\/index.php\/product\/las-campanas-del-sur\/\" target=\"_blank\">La Gata Sibilah &#8211; Librer\u00eda online<\/a>.<\/p>\n<p>&nbsp;<\/p>\n","protected":false},"excerpt":{"rendered":"<p>&#8220;Esta novela y &#8216;Las fuerzas opuestas&#8217;, ya publicada, son dos tiempos de un mismo ciclo narrativo. En \u00e9l, &#8216;Las campanas del sur&#8217; es el principio del mito; &#8216;Las fuerzas opuestas&#8217;, uno de sus desarrollos. Es probable que sigan otros tiempos, si sus bocetos maduran, si puedo expresar nuevamente en ellos la m\u00e1gica realidad de mi [&hellip;]<\/p>\n","protected":false},"author":1,"featured_media":0,"parent":18,"menu_order":0,"comment_status":"closed","ping_status":"closed","template":"page-templates\/page_fullwidth.php","meta":{"footnotes":""},"_links":{"self":[{"href":"http:\/\/joseluisvittori.com\/index.php?rest_route=\/wp\/v2\/pages\/224"}],"collection":[{"href":"http:\/\/joseluisvittori.com\/index.php?rest_route=\/wp\/v2\/pages"}],"about":[{"href":"http:\/\/joseluisvittori.com\/index.php?rest_route=\/wp\/v2\/types\/page"}],"author":[{"embeddable":true,"href":"http:\/\/joseluisvittori.com\/index.php?rest_route=\/wp\/v2\/users\/1"}],"replies":[{"embeddable":true,"href":"http:\/\/joseluisvittori.com\/index.php?rest_route=%2Fwp%2Fv2%2Fcomments&post=224"}],"version-history":[{"count":5,"href":"http:\/\/joseluisvittori.com\/index.php?rest_route=\/wp\/v2\/pages\/224\/revisions"}],"predecessor-version":[{"id":401,"href":"http:\/\/joseluisvittori.com\/index.php?rest_route=\/wp\/v2\/pages\/224\/revisions\/401"}],"up":[{"embeddable":true,"href":"http:\/\/joseluisvittori.com\/index.php?rest_route=\/wp\/v2\/pages\/18"}],"wp:attachment":[{"href":"http:\/\/joseluisvittori.com\/index.php?rest_route=%2Fwp%2Fv2%2Fmedia&parent=224"}],"curies":[{"name":"wp","href":"https:\/\/api.w.org\/{rel}","templated":true}]}}

<p><em><img loading="lazy" decoding="async" class=" wp-image-247 alignleft" src="http://joseluisvittori.com/wp-content/uploads/2016/09/VITTORI-Las-campanas-del-Sur.jpg" alt="VITTORI Las campanas del Sur" width="351" height="506" srcset="http://joseluisvittori.com/wp-content/uploads/2016/09/VITTORI-Las-campanas-del-Sur.jpg 969w, http://joseluisvittori.com/wp-content/uploads/2016/09/VITTORI-Las-campanas-del-Sur-208x300.jpg 208w, http://joseluisvittori.com/wp-content/uploads/2016/09/VITTORI-Las-campanas-del-Sur-768x1107.jpg 768w, http://joseluisvittori.com/wp-content/uploads/2016/09/VITTORI-Las-campanas-del-Sur-710x1024.jpg 710w, http://joseluisvittori.com/wp-content/uploads/2016/09/VITTORI-Las-campanas-del-Sur-830x1197.jpg 830w, http://joseluisvittori.com/wp-content/uploads/2016/09/VITTORI-Las-campanas-del-Sur-230x332.jpg 230w, http://joseluisvittori.com/wp-content/uploads/2016/09/VITTORI-Las-campanas-del-Sur-350x505.jpg 350w, http://joseluisvittori.com/wp-content/uploads/2016/09/VITTORI-Las-campanas-del-Sur-480x692.jpg 480w" sizes="(max-width: 351px) 100vw, 351px" />&#8220;Esta novela y &#8216;Las fuerzas opuestas&#8217;, ya publicada, son dos tiempos de un mismo ciclo narrativo. En él, &#8216;Las campanas del sur&#8217; es el principio del mito; &#8216;Las fuerzas opuestas&#8217;, uno de sus desarrollos. Es probable que sigan otros tiempos, si sus bocetos maduran, si puedo expresar nuevamente en ellos la mágica realidad de mi tierra y su gente.</em></p>
<p><em>&#8216;Las campanas del sur&#8217; está narrada en una primera persona cambiante: cada capítulo da el tono de un personaje y su enfoque de una misma situación o de situaciones laterales. Se va al encuentro, pues, de diferentes voces cuya verdad relativa a veces coincide y a veces se contradice, pero cuyo sentido último referido a la existencia del hombre, parece animar estas palabras de Céline:</em></p>
<p style="text-align: right; padding-left: 300px;"><span style="color: #999999;"><em>La verdad es una agonía que no acaba nunca. </em></span><span style="color: #999999;"><em>Y</em></span></p>
<p style="text-align: right; padding-left: 300px;"><span style="color: #999999;"><em>la verdad absoluta de este mundo es la muerte.</em></span></p>
<p><em>Si se lee &#8216;Las campanas del sur&#8217;  como está compaginada (I-II-III), asistimos a la revelación gradual de una tragedia primitiva y secreta. Pero si el lector encuentra su propio modelo, digamos: III, II, I, al anular la progresión dramática se introducirá de golpe en el centro de los hechos, para ir después a la intuición de sus detalles. Si se propone el modelo: II,III,I, pasará de una zona de soledad y memoria (Al viento y su ley) al centro trágico (Tomo y obligo), para concluir en la dimensión del sueño y la leyenda (Hombres del tiempo lento). Se me ocurre que, dentro del modelo elegido, el lector también podría alterar el orden de los capítulos en cada una de las partes. No sé si así su comprensión de la novela mejorará, pero supongo que en ese libre y aleatorio hallazgo de una imagen personal, puede enriquecerse su visión interior.</em></p>
<p><em>En algunas páginas de esta novela, la escritura se interrumpe, se detiene, vacila, salta, alterna sus líneas; las palabras se juntan en series, o bien se separan en pausas más o menos largas. Hay una página entera de silencio donde sólo resuena una palabra, y páginas donde la escritura se bifurca, y uno puede leer las columnas en sentido vertical o en zig-zag. Tales alteraciones, que el lector debería asumir como una experiencia en el curso mismo del relato, no son un capricho ni un juego. Las he sentido así mientras escribía, como una exigencia del lenguaje, como una necesidad de alcanzar la dignidad poética vislumbrada en algún personaje y en su contorno&#8221;.</em></p>
<p style="text-align: right;"><em>(José Luis Víttori)</em></p>
<p><span style="color: #808080;">FICHA:</span><br />
<span style="color: #808080;"> Autor/es: Víttori, José Luis</span><br />
<span style="color: #808080;"> Publicado: Ediciones Colmegna. Año: 1971</span><br />
<span style="color: #808080;"> Tipo: Novela</span><br />
<span style="color: #808080;"> Páginas: 225</span><br />
<span style="color: #808080;"> Idioma: Español</span></p>
<p>&nbsp;</p>
<p>Adquirir este libro en <a href="http://www.lagatasibilah.com/index.php/product/las-campanas-del-sur/" target="_blank">La Gata Sibilah &#8211; Librería online</a>.</p>
<p>&nbsp;</p>

<p>&#8220;Esta novela y &#8216;Las fuerzas opuestas&#8217;, ya publicada, son dos tiempos de un mismo ciclo narrativo. En él, &#8216;Las campanas del sur&#8217; es el principio del mito; &#8216;Las fuerzas opuestas&#8217;, uno de sus desarrollos. Es probable que sigan otros tiempos, si sus bocetos maduran, si puedo expresar nuevamente en ellos la mágica realidad de mi [&hellip;]</p>
