{"id":256,"date":"2016-09-19T19:19:27","date_gmt":"2016-09-19T22:19:27","guid":{"rendered":"http:\/\/joseluisvittori.com\/?page_id=256"},"modified":"2016-09-19T19:35:04","modified_gmt":"2016-09-19T22:35:04","slug":"literatura-y-cultura-nacional","status":"publish","type":"page","link":"http:\/\/joseluisvittori.com\/?page_id=256","title":{"rendered":"&#8220;Literatura y cultura nacional&#8221;"},"content":{"rendered":"<p><em><img loading=\"lazy\" decoding=\"async\" class=\" wp-image-257 alignleft\" src=\"http:\/\/joseluisvittori.com\/wp-content\/uploads\/2016\/09\/VITTORI-Literatura-y-cultura-nacional.jpg\" alt=\"VITTORI Literatura y cultura nacional\" width=\"414\" height=\"585\" srcset=\"http:\/\/joseluisvittori.com\/wp-content\/uploads\/2016\/09\/VITTORI-Literatura-y-cultura-nacional.jpg 1083w, http:\/\/joseluisvittori.com\/wp-content\/uploads\/2016\/09\/VITTORI-Literatura-y-cultura-nacional-212x300.jpg 212w, http:\/\/joseluisvittori.com\/wp-content\/uploads\/2016\/09\/VITTORI-Literatura-y-cultura-nacional-768x1086.jpg 768w, http:\/\/joseluisvittori.com\/wp-content\/uploads\/2016\/09\/VITTORI-Literatura-y-cultura-nacional-724x1024.jpg 724w, http:\/\/joseluisvittori.com\/wp-content\/uploads\/2016\/09\/VITTORI-Literatura-y-cultura-nacional-830x1173.jpg 830w, http:\/\/joseluisvittori.com\/wp-content\/uploads\/2016\/09\/VITTORI-Literatura-y-cultura-nacional-230x325.jpg 230w, http:\/\/joseluisvittori.com\/wp-content\/uploads\/2016\/09\/VITTORI-Literatura-y-cultura-nacional-350x495.jpg 350w, http:\/\/joseluisvittori.com\/wp-content\/uploads\/2016\/09\/VITTORI-Literatura-y-cultura-nacional-480x679.jpg 480w\" sizes=\"(max-width: 414px) 100vw, 414px\" \/>Un t\u00edtulo y un prop\u00f3sito comunes: La regi\u00f3n, el pa\u00eds enlazan los tres vol\u00famenes que componen esta obra de Jos\u00e9 Luis V\u00edttori: 1. <a href=\"http:\/\/joseluisvittori.com\/?page_id=261\" target=\"_blank\">Literatura y regi\u00f3n<\/a>; 2. <a href=\"http:\/\/joseluisvittori.com\/?page_id=164\" target=\"_blank\">La regi\u00f3n y sus creadores<\/a>; 3. Literatura y cultura nacional.<\/em><\/p>\n<p><em>El autor, nacido en Santa Fe, ha desarrollado en su trilog\u00eda un vasto ensayo de y desde su \u00e1mbito, procurando interpretarlo en las expresiones y valores espirituales que, en funci\u00f3n de historia y cultura, han dado una identidad y una voz a sus gentes en el concierto del pa\u00eds.<\/em><\/p>\n<p><em>Los textos de V\u00edttori no animan a una intenci\u00f3n doctrinaria ni una actitud nacionalista. Por ascendencia y formaci\u00f3n, \u00e9l mismo no es ajeno a las contribuciones intelectuales y art\u00edsticas que, en el \u00e1mbito mayor del llamado Mundo Occidental, han engrandecido al hombre contempor\u00e1neo, pero su adhesi\u00f3n al lugar donde naci\u00f3 y creci\u00f3, sus recuerdos, actividades y proyectos asociados al medio, sit\u00faan a \u00e9ste como punto de partida ineludible de un sinceramiento existencial, de una valoraci\u00f3n de su patrimonio y un examen cr\u00edtico de sus aportes a los bienes del pa\u00eds.<\/em><\/p>\n<p><em>Para ello hizo falta cambiar el punto de vista, empezando la reflexi\u00f3n por los temas que, en los programas enciclop\u00e9dicos, se ve\u00edan al final, despu\u00e9s de los &#8220;\u00f3rdenes cl\u00e1sicos&#8221;, la literatura romana, la Paz de Utrech o el reinado de Pipino el Breve&#8230; Esta &#8220;visi\u00f3n invertida&#8221; de la historia, la cultura y la literatura, que trae a primer plano los hechos del lugar y su extensi\u00f3n al pa\u00eds, no es novedad, se ha intentado antes, pero, a condici\u00f3n de no encerrarse en un narcisismo aut\u00f3ctono, es bueno replantearla a la luz de nuevas ideas y en las condiciones cambiantes del mundo actual, para ordenar un tanto el flujo de informaci\u00f3n que nos &#8220;masajea&#8221; y por momentos nos confunde, con sensible &#8220;p\u00e9rdida del conocimiento&#8221;.<\/em><\/p>\n<p><em>En este sentido, la obra de Jos\u00e9 Luis V\u00edttori aspira a estimular inquietudes afines y a completarse con los resultados de otras contribuciones a un mejor conocimiento de \u00e9ste y otros \u00e1mbitos argentinos.<\/em><br \/>\n<span style=\"color: #808080;\">FICHA:<\/span><br \/>\n<span style=\"color: #808080;\"> Autor\/es: V\u00edttori, Jos\u00e9 Luis<\/span><br \/>\n<span style=\"color: #808080;\"> Publicado: Ediciones Colmegna. A\u00f1o: 1988<\/span><br \/>\n<span style=\"color: #808080;\"> ISBN: 950-535<\/span><span style=\"color: #808080;\">-132-1<\/span><br \/>\n<span style=\"color: #808080;\"> Tipo:\u00a0Ensayo<\/span><br \/>\n<span style=\"color: #808080;\"> P\u00e1ginas:\u00a0187<\/span><br \/>\n<span style=\"color: #808080;\"> Idioma: Espa\u00f1ol<\/span><\/p>\n<p>Adquirir <a href=\"https:\/\/www.amazon.com\/Literatura-y-cultura-nacional-Spanish\/dp\/9505351321\" target=\"_blank\">este libro en\u00a0Amazon<\/a><\/p>\n","protected":false},"excerpt":{"rendered":"<p>Un t\u00edtulo y un prop\u00f3sito comunes: La regi\u00f3n, el pa\u00eds enlazan los tres vol\u00famenes que componen esta obra de Jos\u00e9 Luis V\u00edttori: 1. Literatura y regi\u00f3n; 2. La regi\u00f3n y sus creadores; 3. Literatura y cultura nacional. El autor, nacido en Santa Fe, ha desarrollado en su trilog\u00eda un vasto ensayo de y desde su [&hellip;]<\/p>\n","protected":false},"author":1,"featured_media":0,"parent":18,"menu_order":0,"comment_status":"closed","ping_status":"closed","template":"page-templates\/page_fullwidth.php","meta":{"footnotes":""},"_links":{"self":[{"href":"http:\/\/joseluisvittori.com\/index.php?rest_route=\/wp\/v2\/pages\/256"}],"collection":[{"href":"http:\/\/joseluisvittori.com\/index.php?rest_route=\/wp\/v2\/pages"}],"about":[{"href":"http:\/\/joseluisvittori.com\/index.php?rest_route=\/wp\/v2\/types\/page"}],"author":[{"embeddable":true,"href":"http:\/\/joseluisvittori.com\/index.php?rest_route=\/wp\/v2\/users\/1"}],"replies":[{"embeddable":true,"href":"http:\/\/joseluisvittori.com\/index.php?rest_route=%2Fwp%2Fv2%2Fcomments&post=256"}],"version-history":[{"count":3,"href":"http:\/\/joseluisvittori.com\/index.php?rest_route=\/wp\/v2\/pages\/256\/revisions"}],"predecessor-version":[{"id":265,"href":"http:\/\/joseluisvittori.com\/index.php?rest_route=\/wp\/v2\/pages\/256\/revisions\/265"}],"up":[{"embeddable":true,"href":"http:\/\/joseluisvittori.com\/index.php?rest_route=\/wp\/v2\/pages\/18"}],"wp:attachment":[{"href":"http:\/\/joseluisvittori.com\/index.php?rest_route=%2Fwp%2Fv2%2Fmedia&parent=256"}],"curies":[{"name":"wp","href":"https:\/\/api.w.org\/{rel}","templated":true}]}}

<p><em><img loading="lazy" decoding="async" class=" wp-image-257 alignleft" src="http://joseluisvittori.com/wp-content/uploads/2016/09/VITTORI-Literatura-y-cultura-nacional.jpg" alt="VITTORI Literatura y cultura nacional" width="414" height="585" srcset="http://joseluisvittori.com/wp-content/uploads/2016/09/VITTORI-Literatura-y-cultura-nacional.jpg 1083w, http://joseluisvittori.com/wp-content/uploads/2016/09/VITTORI-Literatura-y-cultura-nacional-212x300.jpg 212w, http://joseluisvittori.com/wp-content/uploads/2016/09/VITTORI-Literatura-y-cultura-nacional-768x1086.jpg 768w, http://joseluisvittori.com/wp-content/uploads/2016/09/VITTORI-Literatura-y-cultura-nacional-724x1024.jpg 724w, http://joseluisvittori.com/wp-content/uploads/2016/09/VITTORI-Literatura-y-cultura-nacional-830x1173.jpg 830w, http://joseluisvittori.com/wp-content/uploads/2016/09/VITTORI-Literatura-y-cultura-nacional-230x325.jpg 230w, http://joseluisvittori.com/wp-content/uploads/2016/09/VITTORI-Literatura-y-cultura-nacional-350x495.jpg 350w, http://joseluisvittori.com/wp-content/uploads/2016/09/VITTORI-Literatura-y-cultura-nacional-480x679.jpg 480w" sizes="(max-width: 414px) 100vw, 414px" />Un título y un propósito comunes: La región, el país enlazan los tres volúmenes que componen esta obra de José Luis Víttori: 1. <a href="http://joseluisvittori.com/?page_id=261" target="_blank">Literatura y región</a>; 2. <a href="http://joseluisvittori.com/?page_id=164" target="_blank">La región y sus creadores</a>; 3. Literatura y cultura nacional.</em></p>
<p><em>El autor, nacido en Santa Fe, ha desarrollado en su trilogía un vasto ensayo de y desde su ámbito, procurando interpretarlo en las expresiones y valores espirituales que, en función de historia y cultura, han dado una identidad y una voz a sus gentes en el concierto del país.</em></p>
<p><em>Los textos de Víttori no animan a una intención doctrinaria ni una actitud nacionalista. Por ascendencia y formación, él mismo no es ajeno a las contribuciones intelectuales y artísticas que, en el ámbito mayor del llamado Mundo Occidental, han engrandecido al hombre contemporáneo, pero su adhesión al lugar donde nació y creció, sus recuerdos, actividades y proyectos asociados al medio, sitúan a éste como punto de partida ineludible de un sinceramiento existencial, de una valoración de su patrimonio y un examen crítico de sus aportes a los bienes del país.</em></p>
<p><em>Para ello hizo falta cambiar el punto de vista, empezando la reflexión por los temas que, en los programas enciclopédicos, se veían al final, después de los &#8220;órdenes clásicos&#8221;, la literatura romana, la Paz de Utrech o el reinado de Pipino el Breve&#8230; Esta &#8220;visión invertida&#8221; de la historia, la cultura y la literatura, que trae a primer plano los hechos del lugar y su extensión al país, no es novedad, se ha intentado antes, pero, a condición de no encerrarse en un narcisismo autóctono, es bueno replantearla a la luz de nuevas ideas y en las condiciones cambiantes del mundo actual, para ordenar un tanto el flujo de información que nos &#8220;masajea&#8221; y por momentos nos confunde, con sensible &#8220;pérdida del conocimiento&#8221;.</em></p>
<p><em>En este sentido, la obra de José Luis Víttori aspira a estimular inquietudes afines y a completarse con los resultados de otras contribuciones a un mejor conocimiento de éste y otros ámbitos argentinos.</em><br />
<span style="color: #808080;">FICHA:</span><br />
<span style="color: #808080;"> Autor/es: Víttori, José Luis</span><br />
<span style="color: #808080;"> Publicado: Ediciones Colmegna. Año: 1988</span><br />
<span style="color: #808080;"> ISBN: 950-535</span><span style="color: #808080;">-132-1</span><br />
<span style="color: #808080;"> Tipo: Ensayo</span><br />
<span style="color: #808080;"> Páginas: 187</span><br />
<span style="color: #808080;"> Idioma: Español</span></p>
<p>Adquirir <a href="https://www.amazon.com/Literatura-y-cultura-nacional-Spanish/dp/9505351321" target="_blank">este libro en Amazon</a></p>

<p>Un título y un propósito comunes: La región, el país enlazan los tres volúmenes que componen esta obra de José Luis Víttori: 1. Literatura y región; 2. La región y sus creadores; 3. Literatura y cultura nacional. El autor, nacido en Santa Fe, ha desarrollado en su trilogía un vasto ensayo de y desde su [&hellip;]</p>
