{"id":273,"date":"2016-09-19T19:53:56","date_gmt":"2016-09-19T22:53:56","guid":{"rendered":"http:\/\/joseluisvittori.com\/?page_id=273"},"modified":"2016-09-19T19:53:56","modified_gmt":"2016-09-19T22:53:56","slug":"la-voluntad-del-realismo","status":"publish","type":"page","link":"http:\/\/joseluisvittori.com\/?page_id=273","title":{"rendered":"&#8220;La voluntad del realismo&#8221;"},"content":{"rendered":"<p><em><img loading=\"lazy\" decoding=\"async\" class=\" wp-image-274 alignleft\" src=\"http:\/\/joseluisvittori.com\/wp-content\/uploads\/2016\/09\/VITTORI-La-voluntad-del-realismo.jpg\" alt=\"VITTORI La voluntad del realismo\" width=\"446\" height=\"616\" srcset=\"http:\/\/joseluisvittori.com\/wp-content\/uploads\/2016\/09\/VITTORI-La-voluntad-del-realismo.jpg 1089w, http:\/\/joseluisvittori.com\/wp-content\/uploads\/2016\/09\/VITTORI-La-voluntad-del-realismo-217x300.jpg 217w, http:\/\/joseluisvittori.com\/wp-content\/uploads\/2016\/09\/VITTORI-La-voluntad-del-realismo-768x1060.jpg 768w, http:\/\/joseluisvittori.com\/wp-content\/uploads\/2016\/09\/VITTORI-La-voluntad-del-realismo-742x1024.jpg 742w, http:\/\/joseluisvittori.com\/wp-content\/uploads\/2016\/09\/VITTORI-La-voluntad-del-realismo-830x1146.jpg 830w, http:\/\/joseluisvittori.com\/wp-content\/uploads\/2016\/09\/VITTORI-La-voluntad-del-realismo-230x317.jpg 230w, http:\/\/joseluisvittori.com\/wp-content\/uploads\/2016\/09\/VITTORI-La-voluntad-del-realismo-350x483.jpg 350w, http:\/\/joseluisvittori.com\/wp-content\/uploads\/2016\/09\/VITTORI-La-voluntad-del-realismo-480x662.jpg 480w\" sizes=\"(max-width: 446px) 100vw, 446px\" \/>&#8220;Los cinco ensayos incluidos en este libro, fueron escritos durante el a\u00f1o 1962, en una etapa de indagaci\u00f3n preocupada por el impacto del objetivismo.<\/em><\/p>\n<p><em>Responden a preguntas que surgieron mientras escrib\u00eda una novela, y as\u00ed debe entenderse su tono pol\u00e9mico y demasiado afirmativo, cuyo destinatario en el orden de las culpas y las vacilaciones es, m\u00e1s que otros, el propio autor.<\/em><\/p>\n<p><em>Desde los a\u00f1os intensos de trabajo cooperativo en Adverbio, sigo pensando que nuestra literatura necesita de una reflexi\u00f3n permanente por quienes la escriben, para tomar conciencia de sus problemas, numerosos, vigentes y no resueltos.<\/em><\/p>\n<p><em>Estos ensayos desean contribuir, si no a una soluci\u00f3n, por lo menos a un planteo de aquellos&#8221;.<\/em><\/p>\n<p style=\"text-align: right;\"><em>(Jos\u00e9 Luis V\u00edttori)<\/em><\/p>\n<p>&nbsp;<\/p>\n<p>&nbsp;<br \/>\n<span style=\"color: #808080;\">FICHA:<\/span><br \/>\n<span style=\"color: #808080;\"> Autor\/es: V\u00edttori, Jos\u00e9 Luis<\/span><br \/>\n<span style=\"color: #808080;\"> Publicado: Ediciones Colmegna. A\u00f1o:\u00a01963<\/span><br \/>\n<span style=\"color: #808080;\"> Tipo:\u00a0Ensayo<\/span><br \/>\n<span style=\"color: #808080;\"> P\u00e1ginas:\u00a046<\/span><br \/>\n<span style=\"color: #808080;\"> Idioma: Espa\u00f1ol<\/span><\/p>\n<p>&nbsp;<\/p>\n","protected":false},"excerpt":{"rendered":"<p>&#8220;Los cinco ensayos incluidos en este libro, fueron escritos durante el a\u00f1o 1962, en una etapa de indagaci\u00f3n preocupada por el impacto del objetivismo. Responden a preguntas que surgieron mientras escrib\u00eda una novela, y as\u00ed debe entenderse su tono pol\u00e9mico y demasiado afirmativo, cuyo destinatario en el orden de las culpas y las vacilaciones es, [&hellip;]<\/p>\n","protected":false},"author":1,"featured_media":0,"parent":18,"menu_order":0,"comment_status":"closed","ping_status":"closed","template":"page-templates\/page_fullwidth.php","meta":{"footnotes":""},"_links":{"self":[{"href":"http:\/\/joseluisvittori.com\/index.php?rest_route=\/wp\/v2\/pages\/273"}],"collection":[{"href":"http:\/\/joseluisvittori.com\/index.php?rest_route=\/wp\/v2\/pages"}],"about":[{"href":"http:\/\/joseluisvittori.com\/index.php?rest_route=\/wp\/v2\/types\/page"}],"author":[{"embeddable":true,"href":"http:\/\/joseluisvittori.com\/index.php?rest_route=\/wp\/v2\/users\/1"}],"replies":[{"embeddable":true,"href":"http:\/\/joseluisvittori.com\/index.php?rest_route=%2Fwp%2Fv2%2Fcomments&post=273"}],"version-history":[{"count":1,"href":"http:\/\/joseluisvittori.com\/index.php?rest_route=\/wp\/v2\/pages\/273\/revisions"}],"predecessor-version":[{"id":275,"href":"http:\/\/joseluisvittori.com\/index.php?rest_route=\/wp\/v2\/pages\/273\/revisions\/275"}],"up":[{"embeddable":true,"href":"http:\/\/joseluisvittori.com\/index.php?rest_route=\/wp\/v2\/pages\/18"}],"wp:attachment":[{"href":"http:\/\/joseluisvittori.com\/index.php?rest_route=%2Fwp%2Fv2%2Fmedia&parent=273"}],"curies":[{"name":"wp","href":"https:\/\/api.w.org\/{rel}","templated":true}]}}

<p><em><img loading="lazy" decoding="async" class=" wp-image-274 alignleft" src="http://joseluisvittori.com/wp-content/uploads/2016/09/VITTORI-La-voluntad-del-realismo.jpg" alt="VITTORI La voluntad del realismo" width="446" height="616" srcset="http://joseluisvittori.com/wp-content/uploads/2016/09/VITTORI-La-voluntad-del-realismo.jpg 1089w, http://joseluisvittori.com/wp-content/uploads/2016/09/VITTORI-La-voluntad-del-realismo-217x300.jpg 217w, http://joseluisvittori.com/wp-content/uploads/2016/09/VITTORI-La-voluntad-del-realismo-768x1060.jpg 768w, http://joseluisvittori.com/wp-content/uploads/2016/09/VITTORI-La-voluntad-del-realismo-742x1024.jpg 742w, http://joseluisvittori.com/wp-content/uploads/2016/09/VITTORI-La-voluntad-del-realismo-830x1146.jpg 830w, http://joseluisvittori.com/wp-content/uploads/2016/09/VITTORI-La-voluntad-del-realismo-230x317.jpg 230w, http://joseluisvittori.com/wp-content/uploads/2016/09/VITTORI-La-voluntad-del-realismo-350x483.jpg 350w, http://joseluisvittori.com/wp-content/uploads/2016/09/VITTORI-La-voluntad-del-realismo-480x662.jpg 480w" sizes="(max-width: 446px) 100vw, 446px" />&#8220;Los cinco ensayos incluidos en este libro, fueron escritos durante el año 1962, en una etapa de indagación preocupada por el impacto del objetivismo.</em></p>
<p><em>Responden a preguntas que surgieron mientras escribía una novela, y así debe entenderse su tono polémico y demasiado afirmativo, cuyo destinatario en el orden de las culpas y las vacilaciones es, más que otros, el propio autor.</em></p>
<p><em>Desde los años intensos de trabajo cooperativo en Adverbio, sigo pensando que nuestra literatura necesita de una reflexión permanente por quienes la escriben, para tomar conciencia de sus problemas, numerosos, vigentes y no resueltos.</em></p>
<p><em>Estos ensayos desean contribuir, si no a una solución, por lo menos a un planteo de aquellos&#8221;.</em></p>
<p style="text-align: right;"><em>(José Luis Víttori)</em></p>
<p>&nbsp;</p>
<p>&nbsp;<br />
<span style="color: #808080;">FICHA:</span><br />
<span style="color: #808080;"> Autor/es: Víttori, José Luis</span><br />
<span style="color: #808080;"> Publicado: Ediciones Colmegna. Año: 1963</span><br />
<span style="color: #808080;"> Tipo: Ensayo</span><br />
<span style="color: #808080;"> Páginas: 46</span><br />
<span style="color: #808080;"> Idioma: Español</span></p>
<p>&nbsp;</p>

<p>&#8220;Los cinco ensayos incluidos en este libro, fueron escritos durante el año 1962, en una etapa de indagación preocupada por el impacto del objetivismo. Responden a preguntas que surgieron mientras escribía una novela, y así debe entenderse su tono polémico y demasiado afirmativo, cuyo destinatario en el orden de las culpas y las vacilaciones es, [&hellip;]</p>
