{"id":281,"date":"2016-09-19T20:40:16","date_gmt":"2016-09-19T23:40:16","guid":{"rendered":"http:\/\/joseluisvittori.com\/?page_id=281"},"modified":"2016-09-19T20:40:16","modified_gmt":"2016-09-19T23:40:16","slug":"juan-grela-g-arte-y-serenidad","status":"publish","type":"page","link":"http:\/\/joseluisvittori.com\/?page_id=281","title":{"rendered":"&#8220;Juan Grela G.: Arte y serenidad&#8221;"},"content":{"rendered":"<p><em><img loading=\"lazy\" decoding=\"async\" class=\" wp-image-282 alignleft\" src=\"http:\/\/joseluisvittori.com\/wp-content\/uploads\/2016\/09\/VITTORI-Juan-Grela-G.jpg\" alt=\"VITTORI Juan Grela G\" width=\"581\" height=\"566\" srcset=\"http:\/\/joseluisvittori.com\/wp-content\/uploads\/2016\/09\/VITTORI-Juan-Grela-G.jpg 1489w, http:\/\/joseluisvittori.com\/wp-content\/uploads\/2016\/09\/VITTORI-Juan-Grela-G-300x292.jpg 300w, http:\/\/joseluisvittori.com\/wp-content\/uploads\/2016\/09\/VITTORI-Juan-Grela-G-768x748.jpg 768w, http:\/\/joseluisvittori.com\/wp-content\/uploads\/2016\/09\/VITTORI-Juan-Grela-G-1024x998.jpg 1024w, http:\/\/joseluisvittori.com\/wp-content\/uploads\/2016\/09\/VITTORI-Juan-Grela-G-830x809.jpg 830w, http:\/\/joseluisvittori.com\/wp-content\/uploads\/2016\/09\/VITTORI-Juan-Grela-G-230x224.jpg 230w, http:\/\/joseluisvittori.com\/wp-content\/uploads\/2016\/09\/VITTORI-Juan-Grela-G-350x341.jpg 350w, http:\/\/joseluisvittori.com\/wp-content\/uploads\/2016\/09\/VITTORI-Juan-Grela-G-480x468.jpg 480w\" sizes=\"(max-width: 581px) 100vw, 581px\" \/>Juan Grela fue un pintor y grabador autodidacta argentino. Naci\u00f3 en la ciudad de San Miguel de Tucum\u00e1n, de padres espa\u00f1oles \u2015Juan Grela y Mar\u00eda Guerrero\u2015.<\/em><\/p>\n<p><em>En 1924, se mud\u00f3 con su familia a Rosario y en 1932, a los 18 a\u00f1os, comenz\u00f3 a pintar al aire libre. En este primer per\u00edodo, en que se vio influenciado por la Mutualidad, fue realista con caracter\u00edsticas expresionistas y sociales, cuerpos de gran tama\u00f1o, efecto logrado con las exageraciones de la perspectiva en escorzo.<\/em><\/p>\n<p><em>En 1940 se cas\u00f3 con Hayd\u00e9e A\u00edd Herrera, estudiante de pintura como \u00e9l. El 13 de agosto de 1941 naci\u00f3 su primer y \u00fanico hijo, Dante. En esa \u00e9poca cre\u00f3 varios retratos de su esposa junto con su hijo, reposando tranquilamente sobre el pasto, en un fondo de paisaje profundo.<\/em><\/p>\n<p><em>Entre 1942 y 1945 particip\u00f3 en la Agrupaci\u00f3n de Pl\u00e1sticos Independientes. En 1943 tom\u00f3 una sola clase orientativa \u2015en la ciudad de Santa Fe\u2015 de xilograf\u00eda con Jos\u00e9 Planas Casas.<\/em><\/p>\n<p><em>En 1948, comienzan a reunirse un grupo de artistas locales, entre los que est\u00e1 Grela, todos unidos por ideales semejantes de libertad y la valoraci\u00f3n de la cultura popular. Desde Rosario, propusieron un arte comprometido con su geograf\u00eda y problem\u00e1ticas propias de la regi\u00f3n, creando finalmente el Grupo Litoral; llegando a conformar una nueva tradici\u00f3n realista pero &#8220;moderna y aut\u00f3ctona&#8221;. Juan Grela junto con Leonidas Gambartes fueron los referentes regionales, le suministraron a sus obras los puntos claves de la mirada.<\/em><\/p>\n<p><em>En 1958, Emilio Ellena edit\u00f3 una carpeta de reproducciones de su obra con un pr\u00f3logo de Roger Pl\u00e1. Ese mismo a\u00f1o Grela se distanci\u00f3 del Grupo Litoral (con el que manten\u00eda reuniones desde diez a\u00f1os antes), debido a su ruptura con el realismo. Entre el 9 y el 31 de mayo de 1959 se realiz\u00f3 una exposici\u00f3n retrospectiva en el Museo Provincial de Bellas Artes Rosa Galisteo de Rodr\u00edguez.<\/em><\/p>\n<p><em>Fund\u00f3 el Grupo de Grabadores Rosarinos \u00abArte Nuevo\u00bb. Ejerci\u00f3 la docencia en dibujo, pintura y grabado, tanto de manera independiente (en su propio atelier) como invitado en el \u00e1mbito universitario y en centros de arte oficiales o privados. Falleci\u00f3 en Rosario en 1992.<\/em><\/p>\n<p>&nbsp;<\/p>\n<p><span style=\"color: #808080;\"> FICHA:<\/span><br \/>\n<span style=\"color: #808080;\"> Autor\/es: V\u00edttori, Jos\u00e9 Luis<\/span><br \/>\n<span style=\"color: #808080;\"> Publicado: Museo Provincial de Bellas Artes &#8220;Rosa Galisteo de Rodr\u00edguez&#8221;. A\u00f1o: 1983<\/span><br \/>\n<span style=\"color: #808080;\"> Tipo: Ensayo<\/span><br \/>\n<span style=\"color: #808080;\"> P\u00e1ginas: 30<\/span><br \/>\n<span style=\"color: #808080;\"> Idioma: Espa\u00f1ol<\/span><\/p>\n","protected":false},"excerpt":{"rendered":"<p>Juan Grela fue un pintor y grabador autodidacta argentino. Naci\u00f3 en la ciudad de San Miguel de Tucum\u00e1n, de padres espa\u00f1oles \u2015Juan Grela y Mar\u00eda Guerrero\u2015. En 1924, se mud\u00f3 con su familia a Rosario y en 1932, a los 18 a\u00f1os, comenz\u00f3 a pintar al aire libre. En este primer per\u00edodo, en que se [&hellip;]<\/p>\n","protected":false},"author":1,"featured_media":0,"parent":18,"menu_order":0,"comment_status":"closed","ping_status":"closed","template":"page-templates\/page_fullwidth.php","meta":{"footnotes":""},"_links":{"self":[{"href":"http:\/\/joseluisvittori.com\/index.php?rest_route=\/wp\/v2\/pages\/281"}],"collection":[{"href":"http:\/\/joseluisvittori.com\/index.php?rest_route=\/wp\/v2\/pages"}],"about":[{"href":"http:\/\/joseluisvittori.com\/index.php?rest_route=\/wp\/v2\/types\/page"}],"author":[{"embeddable":true,"href":"http:\/\/joseluisvittori.com\/index.php?rest_route=\/wp\/v2\/users\/1"}],"replies":[{"embeddable":true,"href":"http:\/\/joseluisvittori.com\/index.php?rest_route=%2Fwp%2Fv2%2Fcomments&post=281"}],"version-history":[{"count":1,"href":"http:\/\/joseluisvittori.com\/index.php?rest_route=\/wp\/v2\/pages\/281\/revisions"}],"predecessor-version":[{"id":283,"href":"http:\/\/joseluisvittori.com\/index.php?rest_route=\/wp\/v2\/pages\/281\/revisions\/283"}],"up":[{"embeddable":true,"href":"http:\/\/joseluisvittori.com\/index.php?rest_route=\/wp\/v2\/pages\/18"}],"wp:attachment":[{"href":"http:\/\/joseluisvittori.com\/index.php?rest_route=%2Fwp%2Fv2%2Fmedia&parent=281"}],"curies":[{"name":"wp","href":"https:\/\/api.w.org\/{rel}","templated":true}]}}

<p><em><img loading="lazy" decoding="async" class=" wp-image-282 alignleft" src="http://joseluisvittori.com/wp-content/uploads/2016/09/VITTORI-Juan-Grela-G.jpg" alt="VITTORI Juan Grela G" width="581" height="566" srcset="http://joseluisvittori.com/wp-content/uploads/2016/09/VITTORI-Juan-Grela-G.jpg 1489w, http://joseluisvittori.com/wp-content/uploads/2016/09/VITTORI-Juan-Grela-G-300x292.jpg 300w, http://joseluisvittori.com/wp-content/uploads/2016/09/VITTORI-Juan-Grela-G-768x748.jpg 768w, http://joseluisvittori.com/wp-content/uploads/2016/09/VITTORI-Juan-Grela-G-1024x998.jpg 1024w, http://joseluisvittori.com/wp-content/uploads/2016/09/VITTORI-Juan-Grela-G-830x809.jpg 830w, http://joseluisvittori.com/wp-content/uploads/2016/09/VITTORI-Juan-Grela-G-230x224.jpg 230w, http://joseluisvittori.com/wp-content/uploads/2016/09/VITTORI-Juan-Grela-G-350x341.jpg 350w, http://joseluisvittori.com/wp-content/uploads/2016/09/VITTORI-Juan-Grela-G-480x468.jpg 480w" sizes="(max-width: 581px) 100vw, 581px" />Juan Grela fue un pintor y grabador autodidacta argentino. Nació en la ciudad de San Miguel de Tucumán, de padres españoles ―Juan Grela y María Guerrero―.</em></p>
<p><em>En 1924, se mudó con su familia a Rosario y en 1932, a los 18 años, comenzó a pintar al aire libre. En este primer período, en que se vio influenciado por la Mutualidad, fue realista con características expresionistas y sociales, cuerpos de gran tamaño, efecto logrado con las exageraciones de la perspectiva en escorzo.</em></p>
<p><em>En 1940 se casó con Haydée Aíd Herrera, estudiante de pintura como él. El 13 de agosto de 1941 nació su primer y único hijo, Dante. En esa época creó varios retratos de su esposa junto con su hijo, reposando tranquilamente sobre el pasto, en un fondo de paisaje profundo.</em></p>
<p><em>Entre 1942 y 1945 participó en la Agrupación de Plásticos Independientes. En 1943 tomó una sola clase orientativa ―en la ciudad de Santa Fe― de xilografía con José Planas Casas.</em></p>
<p><em>En 1948, comienzan a reunirse un grupo de artistas locales, entre los que está Grela, todos unidos por ideales semejantes de libertad y la valoración de la cultura popular. Desde Rosario, propusieron un arte comprometido con su geografía y problemáticas propias de la región, creando finalmente el Grupo Litoral; llegando a conformar una nueva tradición realista pero &#8220;moderna y autóctona&#8221;. Juan Grela junto con Leonidas Gambartes fueron los referentes regionales, le suministraron a sus obras los puntos claves de la mirada.</em></p>
<p><em>En 1958, Emilio Ellena editó una carpeta de reproducciones de su obra con un prólogo de Roger Plá. Ese mismo año Grela se distanció del Grupo Litoral (con el que mantenía reuniones desde diez años antes), debido a su ruptura con el realismo. Entre el 9 y el 31 de mayo de 1959 se realizó una exposición retrospectiva en el Museo Provincial de Bellas Artes Rosa Galisteo de Rodríguez.</em></p>
<p><em>Fundó el Grupo de Grabadores Rosarinos «Arte Nuevo». Ejerció la docencia en dibujo, pintura y grabado, tanto de manera independiente (en su propio atelier) como invitado en el ámbito universitario y en centros de arte oficiales o privados. Falleció en Rosario en 1992.</em></p>
<p>&nbsp;</p>
<p><span style="color: #808080;"> FICHA:</span><br />
<span style="color: #808080;"> Autor/es: Víttori, José Luis</span><br />
<span style="color: #808080;"> Publicado: Museo Provincial de Bellas Artes &#8220;Rosa Galisteo de Rodríguez&#8221;. Año: 1983</span><br />
<span style="color: #808080;"> Tipo: Ensayo</span><br />
<span style="color: #808080;"> Páginas: 30</span><br />
<span style="color: #808080;"> Idioma: Español</span></p>

<p>Juan Grela fue un pintor y grabador autodidacta argentino. Nació en la ciudad de San Miguel de Tucumán, de padres españoles ―Juan Grela y María Guerrero―. En 1924, se mudó con su familia a Rosario y en 1932, a los 18 años, comenzó a pintar al aire libre. En este primer período, en que se [&hellip;]</p>
