{"id":298,"date":"2016-09-19T22:28:35","date_gmt":"2016-09-20T01:28:35","guid":{"rendered":"http:\/\/joseluisvittori.com\/?page_id=298"},"modified":"2016-09-19T22:28:35","modified_gmt":"2016-09-20T01:28:35","slug":"la-region-en-el-tiempo","status":"publish","type":"page","link":"http:\/\/joseluisvittori.com\/?page_id=298","title":{"rendered":"&#8220;La regi\u00f3n en el tiempo&#8221;"},"content":{"rendered":"<p><span style=\"color: #808080;\"><img loading=\"lazy\" decoding=\"async\" class=\" wp-image-299 alignleft\" src=\"http:\/\/joseluisvittori.com\/wp-content\/uploads\/2016\/09\/VITTORI-La-regi\u00f3n-en-el-tiempo.jpg\" alt=\"VITTORI La regi\u00f3n en el tiempo\" width=\"452\" height=\"638\" srcset=\"http:\/\/joseluisvittori.com\/wp-content\/uploads\/2016\/09\/VITTORI-La-regi\u00f3n-en-el-tiempo.jpg 1137w, http:\/\/joseluisvittori.com\/wp-content\/uploads\/2016\/09\/VITTORI-La-regi\u00f3n-en-el-tiempo-213x300.jpg 213w, http:\/\/joseluisvittori.com\/wp-content\/uploads\/2016\/09\/VITTORI-La-regi\u00f3n-en-el-tiempo-768x1083.jpg 768w, http:\/\/joseluisvittori.com\/wp-content\/uploads\/2016\/09\/VITTORI-La-regi\u00f3n-en-el-tiempo-726x1024.jpg 726w, http:\/\/joseluisvittori.com\/wp-content\/uploads\/2016\/09\/VITTORI-La-regi\u00f3n-en-el-tiempo-830x1170.jpg 830w, http:\/\/joseluisvittori.com\/wp-content\/uploads\/2016\/09\/VITTORI-La-regi\u00f3n-en-el-tiempo-230x324.jpg 230w, http:\/\/joseluisvittori.com\/wp-content\/uploads\/2016\/09\/VITTORI-La-regi\u00f3n-en-el-tiempo-350x493.jpg 350w, http:\/\/joseluisvittori.com\/wp-content\/uploads\/2016\/09\/VITTORI-La-regi\u00f3n-en-el-tiempo-480x677.jpg 480w\" sizes=\"(max-width: 452px) 100vw, 452px\" \/><\/span><\/p>\n<p>&nbsp;<\/p>\n<p><span style=\"color: #808080;\">FICHA:<\/span><br \/>\n<span style=\"color: #808080;\"> Autor\/es: V\u00edttori, Jos\u00e9 Luis<\/span><br \/>\n<span style=\"color: #808080;\"> Publicado: Gaceta Literaria de Santa Fe. A\u00f1o: 1983<\/span><br \/>\n<span style=\"color: #808080;\"> Tipo: Ensayo<\/span><br \/>\n<span style=\"color: #808080;\"> P\u00e1ginas: 24<\/span><br \/>\n<span style=\"color: #808080;\"> Idioma: Espa\u00f1ol<\/span><\/p>\n","protected":false},"excerpt":{"rendered":"<p>&nbsp; FICHA: Autor\/es: V\u00edttori, Jos\u00e9 Luis Publicado: Gaceta Literaria de Santa Fe. A\u00f1o: 1983 Tipo: Ensayo P\u00e1ginas: 24 Idioma: Espa\u00f1ol<\/p>\n","protected":false},"author":1,"featured_media":0,"parent":18,"menu_order":0,"comment_status":"closed","ping_status":"closed","template":"page-templates\/page_fullwidth.php","meta":{"footnotes":""},"_links":{"self":[{"href":"http:\/\/joseluisvittori.com\/index.php?rest_route=\/wp\/v2\/pages\/298"}],"collection":[{"href":"http:\/\/joseluisvittori.com\/index.php?rest_route=\/wp\/v2\/pages"}],"about":[{"href":"http:\/\/joseluisvittori.com\/index.php?rest_route=\/wp\/v2\/types\/page"}],"author":[{"embeddable":true,"href":"http:\/\/joseluisvittori.com\/index.php?rest_route=\/wp\/v2\/users\/1"}],"replies":[{"embeddable":true,"href":"http:\/\/joseluisvittori.com\/index.php?rest_route=%2Fwp%2Fv2%2Fcomments&post=298"}],"version-history":[{"count":1,"href":"http:\/\/joseluisvittori.com\/index.php?rest_route=\/wp\/v2\/pages\/298\/revisions"}],"predecessor-version":[{"id":300,"href":"http:\/\/joseluisvittori.com\/index.php?rest_route=\/wp\/v2\/pages\/298\/revisions\/300"}],"up":[{"embeddable":true,"href":"http:\/\/joseluisvittori.com\/index.php?rest_route=\/wp\/v2\/pages\/18"}],"wp:attachment":[{"href":"http:\/\/joseluisvittori.com\/index.php?rest_route=%2Fwp%2Fv2%2Fmedia&parent=298"}],"curies":[{"name":"wp","href":"https:\/\/api.w.org\/{rel}","templated":true}]}}

&#8220;La región en el tiempo&#8221;

<p><span style="color: #808080;"><img loading="lazy" decoding="async" class=" wp-image-299 alignleft" src="http://joseluisvittori.com/wp-content/uploads/2016/09/VITTORI-La-región-en-el-tiempo.jpg" alt="VITTORI La región en el tiempo" width="452" height="638" srcset="http://joseluisvittori.com/wp-content/uploads/2016/09/VITTORI-La-región-en-el-tiempo.jpg 1137w, http://joseluisvittori.com/wp-content/uploads/2016/09/VITTORI-La-región-en-el-tiempo-213x300.jpg 213w, http://joseluisvittori.com/wp-content/uploads/2016/09/VITTORI-La-región-en-el-tiempo-768x1083.jpg 768w, http://joseluisvittori.com/wp-content/uploads/2016/09/VITTORI-La-región-en-el-tiempo-726x1024.jpg 726w, http://joseluisvittori.com/wp-content/uploads/2016/09/VITTORI-La-región-en-el-tiempo-830x1170.jpg 830w, http://joseluisvittori.com/wp-content/uploads/2016/09/VITTORI-La-región-en-el-tiempo-230x324.jpg 230w, http://joseluisvittori.com/wp-content/uploads/2016/09/VITTORI-La-región-en-el-tiempo-350x493.jpg 350w, http://joseluisvittori.com/wp-content/uploads/2016/09/VITTORI-La-región-en-el-tiempo-480x677.jpg 480w" sizes="(max-width: 452px) 100vw, 452px" /></span></p>
<p>&nbsp;</p>
<p><span style="color: #808080;">FICHA:</span><br />
<span style="color: #808080;"> Autor/es: Víttori, José Luis</span><br />
<span style="color: #808080;"> Publicado: Gaceta Literaria de Santa Fe. Año: 1983</span><br />
<span style="color: #808080;"> Tipo: Ensayo</span><br />
<span style="color: #808080;"> Páginas: 24</span><br />
<span style="color: #808080;"> Idioma: Español</span></p>

<p>&nbsp; FICHA: Autor/es: Víttori, José Luis Publicado: Gaceta Literaria de Santa Fe. Año: 1983 Tipo: Ensayo Páginas: 24 Idioma: Español</p>
