{"id":324,"date":"2016-09-20T21:49:35","date_gmt":"2016-09-21T00:49:35","guid":{"rendered":"http:\/\/joseluisvittori.com\/?page_id=324"},"modified":"2016-09-20T21:50:17","modified_gmt":"2016-09-21T00:50:17","slug":"cesar-fernandez-navarro-paginas-de-una-biografia","status":"publish","type":"page","link":"http:\/\/joseluisvittori.com\/?page_id=324","title":{"rendered":"C\u00e9sar Fern\u00e1ndez Navarro: P\u00e1ginas de una biograf\u00eda"},"content":{"rendered":"<p><em><img loading=\"lazy\" decoding=\"async\" class=\" wp-image-325 alignleft\" src=\"http:\/\/joseluisvittori.com\/wp-content\/uploads\/2016\/09\/VITTORI-C\u00e9sar-Fernandez-Navarro.jpg\" alt=\"VITTORI C\u00e9sar Fernandez Navarro\" width=\"514\" height=\"578\" srcset=\"http:\/\/joseluisvittori.com\/wp-content\/uploads\/2016\/09\/VITTORI-C\u00e9sar-Fernandez-Navarro.jpg 1285w, http:\/\/joseluisvittori.com\/wp-content\/uploads\/2016\/09\/VITTORI-C\u00e9sar-Fernandez-Navarro-267x300.jpg 267w, http:\/\/joseluisvittori.com\/wp-content\/uploads\/2016\/09\/VITTORI-C\u00e9sar-Fernandez-Navarro-768x864.jpg 768w, http:\/\/joseluisvittori.com\/wp-content\/uploads\/2016\/09\/VITTORI-C\u00e9sar-Fernandez-Navarro-911x1024.jpg 911w, http:\/\/joseluisvittori.com\/wp-content\/uploads\/2016\/09\/VITTORI-C\u00e9sar-Fernandez-Navarro-830x933.jpg 830w, http:\/\/joseluisvittori.com\/wp-content\/uploads\/2016\/09\/VITTORI-C\u00e9sar-Fernandez-Navarro-230x259.jpg 230w, http:\/\/joseluisvittori.com\/wp-content\/uploads\/2016\/09\/VITTORI-C\u00e9sar-Fernandez-Navarro-350x394.jpg 350w, http:\/\/joseluisvittori.com\/wp-content\/uploads\/2016\/09\/VITTORI-C\u00e9sar-Fernandez-Navarro-480x540.jpg 480w\" sizes=\"(max-width: 514px) 100vw, 514px\" \/>Un pintor, \u00bfnace o se hace? Pregunta vers\u00e1til. &#8220;Creo que mi vocaci\u00f3n ha nacido en el curso del trabajo -dec\u00eda Leonidas Gambartes-; sab\u00eda que no me gustaban las otras cosas para estudiar. No ten\u00eda ninguna seguridad de que me gustara la pintura&#8221;. Esta es una actitud mental frente al arte: motivar la inspiraci\u00f3n por el trabajo. La otra actitud, la emocional, es sentirse pintor antes de haber llegado a la pintura. Es el caso de C\u00e9sar Fern\u00e1ndez Navarro, de quien dijo alguna vez Edmundo Blanco Boeri que &#8220;era pintor antes de conocer la paleta y la mezcla milagrosa de los colores&#8221;.<\/em><\/p>\n<p><em>No quiero con esto comparar, sino se\u00f1alar tan solo diferentes puntos de partida que confluyen hacia la obra de arte: los volitivos de un lado, los intuitivos de otro.<\/em><\/p>\n<p><em>CFN, dir\u00eda yo, nace pintor y\u00a0peregrino. Pintor &#8220;et nautas&#8221;, artista y viajero. Esos signos marcan toda su vida. Y ha de ser, adem\u00e1s, americano y europeo por sangre y por nacimiento. Descendientes de navarros, nacido en ns. pa\u00eds, estar\u00eda llamado a esas &#8220;contrarias lealtades -que dice Borges- abiertas a todos los temas, a toda la cultura de Occidente&#8221;. Lo curioso, sin embargo, es que este esp\u00edritu clasicista y contempor\u00e1neo a la vez, culto en el sentir y en el saber, humanitario en su humanismo y, en lo fundamental, artista -en cuanto cultiva el arte como una manera de ver el mundo y tambi\u00e9n como un modo de vivir-; lo curioso, dec\u00eda, es que suena costumbrista en la imagen y el color localizados en la tierra vasca, y a universal en los planteos modernos de su pintura litorale\u00f1a.<\/em><\/p>\n<p><em>Refinado, mundano, c\u00e1lido, generoso, es diestro en dos gram\u00e1ticas: la de la pintura y la de la palabra. O sea que sabe expresarse con igual soltura y propiedad cuando pinta, cuando habla y cuando escribe. Si bien es cierto que no ha tentado las artes de la narrativa, como las de la pintura, el dibujo y el grabado, s\u00ed lo hace con frecuencia en el g\u00e9nero epistolar que complementa, si cabe, el lado elocuente y feliz de sus lienzos. \u00bfC\u00f3mo se llega a ser Fern\u00e1ndez Navarro?<\/em><\/p>\n<p style=\"text-align: right;\"><em>(Jos\u00e9 Luis V\u00edttori,\u00a0agosto de\u00a01984)<\/em><\/p>\n<p><span style=\"color: #808080;\">FICHA:<\/span><br \/>\n<span style=\"color: #808080;\"> Autor\/es: V\u00edttori, Jos\u00e9 Luis<\/span><br \/>\n<span style=\"color: #808080;\"> Publicado: Museo Provincial de Bellas Artes &#8220;Rosa Galisteo de Rodr\u00edguez&#8221;. A\u00f1o: 1984<\/span><br \/>\n<span style=\"color: #808080;\"> ISBN: 987-998-421-8<\/span><br \/>\n<span style=\"color: #808080;\"> Tipo:\u00a0Biograf\u00eda<\/span><br \/>\n<span style=\"color: #808080;\"> P\u00e1ginas:\u00a030<\/span><br \/>\n<span style=\"color: #808080;\"> Idioma: Espa\u00f1ol<\/span><\/p>\n","protected":false},"excerpt":{"rendered":"<p>Un pintor, \u00bfnace o se hace? Pregunta vers\u00e1til. &#8220;Creo que mi vocaci\u00f3n ha nacido en el curso del trabajo -dec\u00eda Leonidas Gambartes-; sab\u00eda que no me gustaban las otras cosas para estudiar. No ten\u00eda ninguna seguridad de que me gustara la pintura&#8221;. Esta es una actitud mental frente al arte: motivar la inspiraci\u00f3n por el [&hellip;]<\/p>\n","protected":false},"author":1,"featured_media":0,"parent":18,"menu_order":0,"comment_status":"closed","ping_status":"closed","template":"page-templates\/page_fullwidth.php","meta":{"footnotes":""},"_links":{"self":[{"href":"http:\/\/joseluisvittori.com\/index.php?rest_route=\/wp\/v2\/pages\/324"}],"collection":[{"href":"http:\/\/joseluisvittori.com\/index.php?rest_route=\/wp\/v2\/pages"}],"about":[{"href":"http:\/\/joseluisvittori.com\/index.php?rest_route=\/wp\/v2\/types\/page"}],"author":[{"embeddable":true,"href":"http:\/\/joseluisvittori.com\/index.php?rest_route=\/wp\/v2\/users\/1"}],"replies":[{"embeddable":true,"href":"http:\/\/joseluisvittori.com\/index.php?rest_route=%2Fwp%2Fv2%2Fcomments&post=324"}],"version-history":[{"count":3,"href":"http:\/\/joseluisvittori.com\/index.php?rest_route=\/wp\/v2\/pages\/324\/revisions"}],"predecessor-version":[{"id":328,"href":"http:\/\/joseluisvittori.com\/index.php?rest_route=\/wp\/v2\/pages\/324\/revisions\/328"}],"up":[{"embeddable":true,"href":"http:\/\/joseluisvittori.com\/index.php?rest_route=\/wp\/v2\/pages\/18"}],"wp:attachment":[{"href":"http:\/\/joseluisvittori.com\/index.php?rest_route=%2Fwp%2Fv2%2Fmedia&parent=324"}],"curies":[{"name":"wp","href":"https:\/\/api.w.org\/{rel}","templated":true}]}}

César Fernández Navarro: Páginas de una biografía

<p><em><img loading="lazy" decoding="async" class=" wp-image-325 alignleft" src="http://joseluisvittori.com/wp-content/uploads/2016/09/VITTORI-César-Fernandez-Navarro.jpg" alt="VITTORI César Fernandez Navarro" width="514" height="578" srcset="http://joseluisvittori.com/wp-content/uploads/2016/09/VITTORI-César-Fernandez-Navarro.jpg 1285w, http://joseluisvittori.com/wp-content/uploads/2016/09/VITTORI-César-Fernandez-Navarro-267x300.jpg 267w, http://joseluisvittori.com/wp-content/uploads/2016/09/VITTORI-César-Fernandez-Navarro-768x864.jpg 768w, http://joseluisvittori.com/wp-content/uploads/2016/09/VITTORI-César-Fernandez-Navarro-911x1024.jpg 911w, http://joseluisvittori.com/wp-content/uploads/2016/09/VITTORI-César-Fernandez-Navarro-830x933.jpg 830w, http://joseluisvittori.com/wp-content/uploads/2016/09/VITTORI-César-Fernandez-Navarro-230x259.jpg 230w, http://joseluisvittori.com/wp-content/uploads/2016/09/VITTORI-César-Fernandez-Navarro-350x394.jpg 350w, http://joseluisvittori.com/wp-content/uploads/2016/09/VITTORI-César-Fernandez-Navarro-480x540.jpg 480w" sizes="(max-width: 514px) 100vw, 514px" />Un pintor, ¿nace o se hace? Pregunta versátil. &#8220;Creo que mi vocación ha nacido en el curso del trabajo -decía Leonidas Gambartes-; sabía que no me gustaban las otras cosas para estudiar. No tenía ninguna seguridad de que me gustara la pintura&#8221;. Esta es una actitud mental frente al arte: motivar la inspiración por el trabajo. La otra actitud, la emocional, es sentirse pintor antes de haber llegado a la pintura. Es el caso de César Fernández Navarro, de quien dijo alguna vez Edmundo Blanco Boeri que &#8220;era pintor antes de conocer la paleta y la mezcla milagrosa de los colores&#8221;.</em></p>
<p><em>No quiero con esto comparar, sino señalar tan solo diferentes puntos de partida que confluyen hacia la obra de arte: los volitivos de un lado, los intuitivos de otro.</em></p>
<p><em>CFN, diría yo, nace pintor y peregrino. Pintor &#8220;et nautas&#8221;, artista y viajero. Esos signos marcan toda su vida. Y ha de ser, además, americano y europeo por sangre y por nacimiento. Descendientes de navarros, nacido en ns. país, estaría llamado a esas &#8220;contrarias lealtades -que dice Borges- abiertas a todos los temas, a toda la cultura de Occidente&#8221;. Lo curioso, sin embargo, es que este espíritu clasicista y contemporáneo a la vez, culto en el sentir y en el saber, humanitario en su humanismo y, en lo fundamental, artista -en cuanto cultiva el arte como una manera de ver el mundo y también como un modo de vivir-; lo curioso, decía, es que suena costumbrista en la imagen y el color localizados en la tierra vasca, y a universal en los planteos modernos de su pintura litoraleña.</em></p>
<p><em>Refinado, mundano, cálido, generoso, es diestro en dos gramáticas: la de la pintura y la de la palabra. O sea que sabe expresarse con igual soltura y propiedad cuando pinta, cuando habla y cuando escribe. Si bien es cierto que no ha tentado las artes de la narrativa, como las de la pintura, el dibujo y el grabado, sí lo hace con frecuencia en el género epistolar que complementa, si cabe, el lado elocuente y feliz de sus lienzos. ¿Cómo se llega a ser Fernández Navarro?</em></p>
<p style="text-align: right;"><em>(José Luis Víttori, agosto de 1984)</em></p>
<p><span style="color: #808080;">FICHA:</span><br />
<span style="color: #808080;"> Autor/es: Víttori, José Luis</span><br />
<span style="color: #808080;"> Publicado: Museo Provincial de Bellas Artes &#8220;Rosa Galisteo de Rodríguez&#8221;. Año: 1984</span><br />
<span style="color: #808080;"> ISBN: 987-998-421-8</span><br />
<span style="color: #808080;"> Tipo: Biografía</span><br />
<span style="color: #808080;"> Páginas: 30</span><br />
<span style="color: #808080;"> Idioma: Español</span></p>

<p>Un pintor, ¿nace o se hace? Pregunta versátil. &#8220;Creo que mi vocación ha nacido en el curso del trabajo -decía Leonidas Gambartes-; sabía que no me gustaban las otras cosas para estudiar. No tenía ninguna seguridad de que me gustara la pintura&#8221;. Esta es una actitud mental frente al arte: motivar la inspiración por el [&hellip;]</p>
