{"id":97,"date":"2016-09-10T12:00:01","date_gmt":"2016-09-10T15:00:01","guid":{"rendered":"http:\/\/joseluisvittori.com\/?page_id=97"},"modified":"2017-07-08T10:36:58","modified_gmt":"2017-07-08T13:36:58","slug":"las-fuerzas-opuestas","status":"publish","type":"page","link":"http:\/\/joseluisvittori.com\/?page_id=97","title":{"rendered":"&#8220;Las fuerzas opuestas&#8221;"},"content":{"rendered":"<p><img loading=\"lazy\" decoding=\"async\" class=\"wp-image-99 alignleft\" src=\"http:\/\/joseluisvittori.com\/wp-content\/uploads\/2016\/09\/VITTORI-Las-fuerzas-opuestas.jpg\" alt=\"VITTORI Las fuerzas opuestas\" width=\"289\" height=\"400\" srcset=\"http:\/\/joseluisvittori.com\/wp-content\/uploads\/2016\/09\/VITTORI-Las-fuerzas-opuestas.jpg 1127w, http:\/\/joseluisvittori.com\/wp-content\/uploads\/2016\/09\/VITTORI-Las-fuerzas-opuestas-217x300.jpg 217w, http:\/\/joseluisvittori.com\/wp-content\/uploads\/2016\/09\/VITTORI-Las-fuerzas-opuestas-768x1062.jpg 768w, http:\/\/joseluisvittori.com\/wp-content\/uploads\/2016\/09\/VITTORI-Las-fuerzas-opuestas-740x1024.jpg 740w, http:\/\/joseluisvittori.com\/wp-content\/uploads\/2016\/09\/VITTORI-Las-fuerzas-opuestas-830x1148.jpg 830w, http:\/\/joseluisvittori.com\/wp-content\/uploads\/2016\/09\/VITTORI-Las-fuerzas-opuestas-230x318.jpg 230w, http:\/\/joseluisvittori.com\/wp-content\/uploads\/2016\/09\/VITTORI-Las-fuerzas-opuestas-350x484.jpg 350w, http:\/\/joseluisvittori.com\/wp-content\/uploads\/2016\/09\/VITTORI-Las-fuerzas-opuestas-480x664.jpg 480w\" sizes=\"(max-width: 289px) 100vw, 289px\" \/><em>&#8220;Las fuerzas opuestas&#8221; es la primera novela publicada por Jos\u00e9 Luis V\u00edttori en el a\u00f1o 1961.<\/em><\/p>\n<p>&nbsp;<\/p>\n<p><span style=\"color: #808080;\"><strong>FICHA:<\/strong><\/span><br \/>\n<span style=\"color: #808080;\"> Autor\/es: V\u00edttori, Jos\u00e9 Luis<\/span><br \/>\n<span style=\"color: #808080;\"> Publicado: Fondo editorial de la municipalidad de Santa Fe. A\u00f1o: 1961<\/span><br \/>\n<span style=\"color: #808080;\"> Publicado: Ediciones Culturales Argentinas. Buenos Aires. A\u00f1o: 1979<\/span><br \/>\n<span style=\"color: #808080;\"> Tipo: Novela<\/span><br \/>\n<span style=\"color: #808080;\"> P\u00e1ginas: 122<\/span><br \/>\n<span style=\"color: #808080;\"> Idioma: Espa\u00f1ol<\/span><\/p>\n<p>&nbsp;<\/p>\n<p>Adquirir este libro en <a href=\"http:\/\/www.lagatasibilah.com\/index.php\/product\/las-fuerzas-opuestas\/\" target=\"_blank\">La Gata Sibilah &#8211; Librer\u00eda online<\/a>.<\/p>\n<p>&nbsp;<\/p>\n<p>&nbsp;<\/p>\n","protected":false},"excerpt":{"rendered":"<p>&#8220;Las fuerzas opuestas&#8221; es la primera novela publicada por Jos\u00e9 Luis V\u00edttori en el a\u00f1o 1961. &nbsp; FICHA: Autor\/es: V\u00edttori, Jos\u00e9 Luis Publicado: Fondo editorial de la municipalidad de Santa Fe. A\u00f1o: 1961 Publicado: Ediciones Culturales Argentinas. Buenos Aires. A\u00f1o: 1979 Tipo: Novela P\u00e1ginas: 122 Idioma: Espa\u00f1ol &nbsp; Adquirir este libro en La Gata Sibilah [&hellip;]<\/p>\n","protected":false},"author":1,"featured_media":98,"parent":18,"menu_order":0,"comment_status":"closed","ping_status":"closed","template":"page-templates\/page_fullwidth.php","meta":{"footnotes":""},"_links":{"self":[{"href":"http:\/\/joseluisvittori.com\/index.php?rest_route=\/wp\/v2\/pages\/97"}],"collection":[{"href":"http:\/\/joseluisvittori.com\/index.php?rest_route=\/wp\/v2\/pages"}],"about":[{"href":"http:\/\/joseluisvittori.com\/index.php?rest_route=\/wp\/v2\/types\/page"}],"author":[{"embeddable":true,"href":"http:\/\/joseluisvittori.com\/index.php?rest_route=\/wp\/v2\/users\/1"}],"replies":[{"embeddable":true,"href":"http:\/\/joseluisvittori.com\/index.php?rest_route=%2Fwp%2Fv2%2Fcomments&post=97"}],"version-history":[{"count":5,"href":"http:\/\/joseluisvittori.com\/index.php?rest_route=\/wp\/v2\/pages\/97\/revisions"}],"predecessor-version":[{"id":403,"href":"http:\/\/joseluisvittori.com\/index.php?rest_route=\/wp\/v2\/pages\/97\/revisions\/403"}],"up":[{"embeddable":true,"href":"http:\/\/joseluisvittori.com\/index.php?rest_route=\/wp\/v2\/pages\/18"}],"wp:featuredmedia":[{"embeddable":true,"href":"http:\/\/joseluisvittori.com\/index.php?rest_route=\/wp\/v2\/media\/98"}],"wp:attachment":[{"href":"http:\/\/joseluisvittori.com\/index.php?rest_route=%2Fwp%2Fv2%2Fmedia&parent=97"}],"curies":[{"name":"wp","href":"https:\/\/api.w.org\/{rel}","templated":true}]}}