{"id":20,"date":"2016-09-08T19:24:14","date_gmt":"2016-09-08T22:24:14","guid":{"rendered":"http:\/\/joseluisvittori.com\/?page_id=20"},"modified":"2016-09-11T18:46:12","modified_gmt":"2016-09-11T21:46:12","slug":"reconocimientos","status":"publish","type":"page","link":"https:\/\/joseluisvittori.com\/?page_id=20","title":{"rendered":"RECONOCIMIENTOS"},"content":{"rendered":"<h3><\/h3>\n<h3>PREMIOS Y DISTINCIONES<\/h3>\n<figure id=\"attachment_60\" aria-describedby=\"caption-attachment-60\" style=\"width: 364px\" class=\"wp-caption alignright\"><img loading=\"lazy\" decoding=\"async\" class=\"wp-image-60\" src=\"http:\/\/joseluisvittori.com\/wp-content\/uploads\/2016\/09\/abuelo1-197x300.jpg\" alt=\"abuelo1\" width=\"364\" height=\"554\" srcset=\"https:\/\/joseluisvittori.com\/wp-content\/uploads\/2016\/09\/abuelo1-197x300.jpg 197w, https:\/\/joseluisvittori.com\/wp-content\/uploads\/2016\/09\/abuelo1-768x1171.jpg 768w, https:\/\/joseluisvittori.com\/wp-content\/uploads\/2016\/09\/abuelo1-672x1024.jpg 672w, https:\/\/joseluisvittori.com\/wp-content\/uploads\/2016\/09\/abuelo1-830x1265.jpg 830w, https:\/\/joseluisvittori.com\/wp-content\/uploads\/2016\/09\/abuelo1-230x351.jpg 230w, https:\/\/joseluisvittori.com\/wp-content\/uploads\/2016\/09\/abuelo1-350x534.jpg 350w, https:\/\/joseluisvittori.com\/wp-content\/uploads\/2016\/09\/abuelo1-480x732.jpg 480w, https:\/\/joseluisvittori.com\/wp-content\/uploads\/2016\/09\/abuelo1.jpg 921w\" sizes=\"(max-width: 364px) 100vw, 364px\" \/><figcaption id=\"caption-attachment-60\" class=\"wp-caption-text\">Jos\u00e9 Luis V\u00edttori en su oficina en el diario El Litoral de Santa Fe, donde se desempe\u00f1\u00f3 como Director period\u00edstico hasta su jubilaci\u00f3n en el a\u00f1o 1996. (Foto: Luis Cetraro)<\/figcaption><\/figure>\n<p>Primer premio otorgado por la Asociaci\u00f3n Santafesina de Escritores por su libro de ensayos &#8220;El escritor: medio y lenguaje&#8221;, Santa Fe 1960.<\/p>\n<p>&nbsp;<\/p>\n<p>Primer premio Ensayo &#8220;Juan \u00c1lvarez&#8221;, trienio 1970-1972, Santa Fe, 1973.<\/p>\n<p>&nbsp;<\/p>\n<p>Primer Premio\u00a0Ensayo &#8220;Arturo Jauretche&#8221; y &#8220;Almafuerte&#8221;, Buenos Aires, 1974.<\/p>\n<p>&nbsp;<\/p>\n<p>Primer Premio Nacional para\u00a0la Regi\u00f3n Centro Litoral en Narrativa (1974) y Ensayo (1976), Secretaria de Cultura de la\u00a0Naci\u00f3n.<\/p>\n<p>&nbsp;<\/p>\n<p>Premio Nacional de la Secretar\u00eda de Estado de Cultura para la regi\u00f3n Centro Litoral por &#8220;Las campanas del Sur&#8221; e &#8220;Imago Mundi&#8221;, en 1976 y 1978.<\/p>\n<p>&nbsp;<\/p>\n<p>Faja de Honor de la SADE en Narrativa, 1977.<\/p>\n<p>&nbsp;<\/p>\n<p>Primer Premio Ensayo &#8220;Ricardo Rojas&#8221;,\u00a0Secretaria de Cultura de la Naci\u00f3n, 1986.<\/p>\n<p>&nbsp;<\/p>\n<p>Premio &#8220;Fundaci\u00f3n de Santa Fe&#8221;, 1986.<\/p>\n<p>&nbsp;<\/p>\n<p>Distinci\u00f3n &#8220;Jean Cartier&#8221; a la labor literaria, 1990.<\/p>\n<p>&nbsp;<\/p>\n<p>Premio Nacional de Cultura en Ensayo, Secretaria de Cultura de la Naci\u00f3n, 1993.<\/p>\n<p>&nbsp;<\/p>\n<p>Premio &#8220;Themis &#8211; Consagraci\u00f3n&#8221; (Ciencia y cultura) por su labor en el campo de las letras, 1993.<\/p>\n<p>&nbsp;<\/p>\n<p>Declarado &#8220;Ciudadano de Honor&#8221;, en 1993.<\/p>\n<p>&nbsp;<\/p>\n<p>Diploma de\u00a0Honor de la Municipalidad de Santa Fe por la trayectoria literaria y cultural, 1993.<\/p>\n<p>&nbsp;<\/p>\n<p>Premio a la\u00a0labor Literaria y a la Trayectoria Cultural, Asociaci\u00f3n Santafesina de Escritores, 2002.<\/p>\n<p>&nbsp;<\/p>\n","protected":false},"excerpt":{"rendered":"<p>PREMIOS Y DISTINCIONES Primer premio otorgado por la Asociaci\u00f3n Santafesina de Escritores por su libro de ensayos &#8220;El escritor: medio y lenguaje&#8221;, Santa Fe 1960. &nbsp; Primer premio Ensayo &#8220;Juan \u00c1lvarez&#8221;, trienio 1970-1972, Santa Fe, 1973. &nbsp; Primer Premio\u00a0Ensayo &#8220;Arturo Jauretche&#8221; y &#8220;Almafuerte&#8221;, Buenos Aires, 1974. &nbsp; Primer Premio Nacional para\u00a0la Regi\u00f3n Centro Litoral en [&hellip;]<\/p>\n","protected":false},"author":1,"featured_media":0,"parent":0,"menu_order":0,"comment_status":"closed","ping_status":"closed","template":"page-templates\/page_fullwidth.php","meta":{"footnotes":""},"_links":{"self":[{"href":"https:\/\/joseluisvittori.com\/index.php?rest_route=\/wp\/v2\/pages\/20"}],"collection":[{"href":"https:\/\/joseluisvittori.com\/index.php?rest_route=\/wp\/v2\/pages"}],"about":[{"href":"https:\/\/joseluisvittori.com\/index.php?rest_route=\/wp\/v2\/types\/page"}],"author":[{"embeddable":true,"href":"https:\/\/joseluisvittori.com\/index.php?rest_route=\/wp\/v2\/users\/1"}],"replies":[{"embeddable":true,"href":"https:\/\/joseluisvittori.com\/index.php?rest_route=%2Fwp%2Fv2%2Fcomments&post=20"}],"version-history":[{"count":5,"href":"https:\/\/joseluisvittori.com\/index.php?rest_route=\/wp\/v2\/pages\/20\/revisions"}],"predecessor-version":[{"id":153,"href":"https:\/\/joseluisvittori.com\/index.php?rest_route=\/wp\/v2\/pages\/20\/revisions\/153"}],"wp:attachment":[{"href":"https:\/\/joseluisvittori.com\/index.php?rest_route=%2Fwp%2Fv2%2Fmedia&parent=20"}],"curies":[{"name":"wp","href":"https:\/\/api.w.org\/{rel}","templated":true}]}}

<h3></h3>
<h3>PREMIOS Y DISTINCIONES</h3>
<figure id="attachment_60" aria-describedby="caption-attachment-60" style="width: 364px" class="wp-caption alignright"><img loading="lazy" decoding="async" class="wp-image-60" src="http://joseluisvittori.com/wp-content/uploads/2016/09/abuelo1-197x300.jpg" alt="abuelo1" width="364" height="554" srcset="https://joseluisvittori.com/wp-content/uploads/2016/09/abuelo1-197x300.jpg 197w, https://joseluisvittori.com/wp-content/uploads/2016/09/abuelo1-768x1171.jpg 768w, https://joseluisvittori.com/wp-content/uploads/2016/09/abuelo1-672x1024.jpg 672w, https://joseluisvittori.com/wp-content/uploads/2016/09/abuelo1-830x1265.jpg 830w, https://joseluisvittori.com/wp-content/uploads/2016/09/abuelo1-230x351.jpg 230w, https://joseluisvittori.com/wp-content/uploads/2016/09/abuelo1-350x534.jpg 350w, https://joseluisvittori.com/wp-content/uploads/2016/09/abuelo1-480x732.jpg 480w, https://joseluisvittori.com/wp-content/uploads/2016/09/abuelo1.jpg 921w" sizes="(max-width: 364px) 100vw, 364px" /><figcaption id="caption-attachment-60" class="wp-caption-text">José Luis Víttori en su oficina en el diario El Litoral de Santa Fe, donde se desempeñó como Director periodístico hasta su jubilación en el año 1996. (Foto: Luis Cetraro)</figcaption></figure>
<p>Primer premio otorgado por la Asociación Santafesina de Escritores por su libro de ensayos &#8220;El escritor: medio y lenguaje&#8221;, Santa Fe 1960.</p>
<p>&nbsp;</p>
<p>Primer premio Ensayo &#8220;Juan Álvarez&#8221;, trienio 1970-1972, Santa Fe, 1973.</p>
<p>&nbsp;</p>
<p>Primer Premio Ensayo &#8220;Arturo Jauretche&#8221; y &#8220;Almafuerte&#8221;, Buenos Aires, 1974.</p>
<p>&nbsp;</p>
<p>Primer Premio Nacional para la Región Centro Litoral en Narrativa (1974) y Ensayo (1976), Secretaria de Cultura de la Nación.</p>
<p>&nbsp;</p>
<p>Premio Nacional de la Secretaría de Estado de Cultura para la región Centro Litoral por &#8220;Las campanas del Sur&#8221; e &#8220;Imago Mundi&#8221;, en 1976 y 1978.</p>
<p>&nbsp;</p>
<p>Faja de Honor de la SADE en Narrativa, 1977.</p>
<p>&nbsp;</p>
<p>Primer Premio Ensayo &#8220;Ricardo Rojas&#8221;, Secretaria de Cultura de la Nación, 1986.</p>
<p>&nbsp;</p>
<p>Premio &#8220;Fundación de Santa Fe&#8221;, 1986.</p>
<p>&nbsp;</p>
<p>Distinción &#8220;Jean Cartier&#8221; a la labor literaria, 1990.</p>
<p>&nbsp;</p>
<p>Premio Nacional de Cultura en Ensayo, Secretaria de Cultura de la Nación, 1993.</p>
<p>&nbsp;</p>
<p>Premio &#8220;Themis &#8211; Consagración&#8221; (Ciencia y cultura) por su labor en el campo de las letras, 1993.</p>
<p>&nbsp;</p>
<p>Declarado &#8220;Ciudadano de Honor&#8221;, en 1993.</p>
<p>&nbsp;</p>
<p>Diploma de Honor de la Municipalidad de Santa Fe por la trayectoria literaria y cultural, 1993.</p>
<p>&nbsp;</p>
<p>Premio a la labor Literaria y a la Trayectoria Cultural, Asociación Santafesina de Escritores, 2002.</p>
<p>&nbsp;</p>

<p>PREMIOS Y DISTINCIONES Primer premio otorgado por la Asociación Santafesina de Escritores por su libro de ensayos &#8220;El escritor: medio y lenguaje&#8221;, Santa Fe 1960. &nbsp; Primer premio Ensayo &#8220;Juan Álvarez&#8221;, trienio 1970-1972, Santa Fe, 1973. &nbsp; Primer Premio Ensayo &#8220;Arturo Jauretche&#8221; y &#8220;Almafuerte&#8221;, Buenos Aires, 1974. &nbsp; Primer Premio Nacional para la Región Centro Litoral en [&hellip;]</p>
